{"id":984,"date":"2021-01-18T10:40:50","date_gmt":"2021-01-18T10:40:50","guid":{"rendered":"https:\/\/www.latienducagranel.com\/?post_type=product&#038;p=984"},"modified":"2025-01-07T10:49:03","modified_gmt":"2025-01-07T09:49:03","slug":"lenteja-verde-de-puy","status":"publish","type":"product","link":"https:\/\/www.latienducagranel.com\/index.php\/producto\/lenteja-verde-de-puy\/","title":{"rendered":"Lenteja verde de Puy"},"content":{"rendered":"<p>La lenteja verde de Puy, tambi\u00e9n llamada lenteja verdina, lenteja verdi\u00f1a, lenteja de la Sagra o lenteja verde do Puy. Es una lenteja de peque\u00f1o tama\u00f1o, aproximadamente 5 mm. de di\u00e1metro. La piel mezcla el color verde claro de fondo con jaspeados de tonalidades de verdes mas oscuros y marr\u00f3n, su cotiled\u00f3n es amarillo. Las lentejas verdinas do Puy una vez cocinadas se queda muy enteras, no sueltan la piel, son muy sabrosas y de textura rica y cremosa. La lenteja verdina es especialmente rica en fibra, hierro y prote\u00ednas.<br \/>\nLas lentejas verdes de Puy son muy utilizadas para ensaladas y en potes de legumbres tradicionales.<\/p>\n","protected":false},"excerpt":{"rendered":"<p>La lenteja verde de Puy, tambi\u00e9n llamada lenteja verdina, lenteja verdi\u00f1a, lenteja de la Sagra o lenteja verde do Puy. Es una lenteja de peque\u00f1o tama\u00f1o, aproximadamente 5 mm. de di\u00e1metro. La piel mezcla el color verde claro de fondo con jaspeados de tonalidades de&nbsp;&#8230; [Leer m\u00e1s]<\/p>\n","protected":false},"featured_media":985,"template":"","meta":{"sfsi_plus_gutenberg_text_before_share":"","sfsi_plus_gutenberg_show_text_before_share":"","sfsi_plus_gutenberg_icon_type":"","sfsi_plus_gutenberg_icon_alignemt":"","sfsi_plus_gutenburg_max_per_row":""},"product_brand":[],"product_cat":[48,21,22],"product_tag":[403,399,432,433],"class_list":{"0":"post-984","1":"product","2":"type-product","3":"status-publish","4":"has-post-thumbnail","6":"product_cat-alimentacion","7":"product_cat-legumbres","8":"product_cat-lentejas","9":"product_tag-legumbres","10":"product_tag-lenteja","11":"product_tag-lenteja-verde","12":"product_tag-lenteja-verde-de-puy","14":"first","15":"instock","16":"taxable","17":"shipping-taxable","18":"purchasable","19":"product-type-simple"},"_links":{"self":[{"href":"https:\/\/www.latienducagranel.com\/index.php\/wp-json\/wp\/v2\/product\/984","targetHints":{"allow":["GET"]}}],"collection":[{"href":"https:\/\/www.latienducagranel.com\/index.php\/wp-json\/wp\/v2\/product"}],"about":[{"href":"https:\/\/www.latienducagranel.com\/index.php\/wp-json\/wp\/v2\/types\/product"}],"wp:featuredmedia":[{"embeddable":true,"href":"https:\/\/www.latienducagranel.com\/index.php\/wp-json\/wp\/v2\/media\/985"}],"wp:attachment":[{"href":"https:\/\/www.latienducagranel.com\/index.php\/wp-json\/wp\/v2\/media?parent=984"}],"wp:term":[{"taxonomy":"product_brand","embeddable":true,"href":"https:\/\/www.latienducagranel.com\/index.php\/wp-json\/wp\/v2\/product_brand?post=984"},{"taxonomy":"product_cat","embeddable":true,"href":"https:\/\/www.latienducagranel.com\/index.php\/wp-json\/wp\/v2\/product_cat?post=984"},{"taxonomy":"product_tag","embeddable":true,"href":"https:\/\/www.latienducagranel.com\/index.php\/wp-json\/wp\/v2\/product_tag?post=984"}],"curies":[{"name":"wp","href":"https:\/\/api.w.org\/{rel}","templated":true}]}}