{"id":960,"date":"2021-01-16T07:55:02","date_gmt":"2021-01-16T07:55:02","guid":{"rendered":"https:\/\/www.latienducagranel.com\/?post_type=product&#038;p=960"},"modified":"2022-03-24T18:25:59","modified_gmt":"2022-03-24T18:25:59","slug":"estuche-papel-lavable","status":"publish","type":"product","link":"https:\/\/www.latienducagranel.com\/index.php\/producto\/estuche-papel-lavable\/","title":{"rendered":"Estuche papel lavable"},"content":{"rendered":"<p>Estuche papel lavable es un estuche estampado en fibra natural de papel lavable (elaborado a base de celulosa y l\u00e1tex, tambi\u00e9n conocido como cuero vegano) estampado y cosido a mano. Con detalles bot\u00e1nicos. Cierre de cuerda con bot\u00f3n de madera de deriva y abalorio.<\/p>\n<p>De Piedrasvivastudio.<\/p>\n<p>Dimensiones: 20cmx14cm<\/p>\n","protected":false},"excerpt":{"rendered":"<p>Estuche papel lavable es un estuche estampado en fibra natural de papel lavable (elaborado a base de celulosa y l\u00e1tex, tambi\u00e9n conocido como cuero vegano) estampado y cosido a mano. Con detalles bot\u00e1nicos. Cierre de cuerda con bot\u00f3n de madera de deriva y abalorio. De&nbsp;&#8230; [Leer m\u00e1s]<\/p>\n","protected":false},"featured_media":1010,"template":"","meta":{"sfsi_plus_gutenberg_text_before_share":"","sfsi_plus_gutenberg_show_text_before_share":"","sfsi_plus_gutenberg_icon_type":"","sfsi_plus_gutenberg_icon_alignemt":"","sfsi_plus_gutenburg_max_per_row":""},"product_brand":[],"product_cat":[60,50],"product_tag":[668,662,663],"class_list":{"0":"post-960","1":"product","2":"type-product","3":"status-publish","4":"has-post-thumbnail","6":"product_cat-envases","7":"product_cat-productos-ecologicos","8":"product_tag-cuero-vegano","9":"product_tag-estuche","10":"product_tag-estuche-papel-lavable","12":"first","13":"instock","14":"taxable","15":"shipping-taxable","16":"purchasable","17":"product-type-simple"},"_links":{"self":[{"href":"https:\/\/www.latienducagranel.com\/index.php\/wp-json\/wp\/v2\/product\/960","targetHints":{"allow":["GET"]}}],"collection":[{"href":"https:\/\/www.latienducagranel.com\/index.php\/wp-json\/wp\/v2\/product"}],"about":[{"href":"https:\/\/www.latienducagranel.com\/index.php\/wp-json\/wp\/v2\/types\/product"}],"wp:featuredmedia":[{"embeddable":true,"href":"https:\/\/www.latienducagranel.com\/index.php\/wp-json\/wp\/v2\/media\/1010"}],"wp:attachment":[{"href":"https:\/\/www.latienducagranel.com\/index.php\/wp-json\/wp\/v2\/media?parent=960"}],"wp:term":[{"taxonomy":"product_brand","embeddable":true,"href":"https:\/\/www.latienducagranel.com\/index.php\/wp-json\/wp\/v2\/product_brand?post=960"},{"taxonomy":"product_cat","embeddable":true,"href":"https:\/\/www.latienducagranel.com\/index.php\/wp-json\/wp\/v2\/product_cat?post=960"},{"taxonomy":"product_tag","embeddable":true,"href":"https:\/\/www.latienducagranel.com\/index.php\/wp-json\/wp\/v2\/product_tag?post=960"}],"curies":[{"name":"wp","href":"https:\/\/api.w.org\/{rel}","templated":true}]}}