{"id":933,"date":"2021-01-12T18:21:33","date_gmt":"2021-01-12T18:21:33","guid":{"rendered":"https:\/\/www.latienducagranel.com\/?post_type=product&#038;p=933"},"modified":"2026-03-12T12:35:55","modified_gmt":"2026-03-12T11:35:55","slug":"risotto-de-hongos","status":"publish","type":"product","link":"https:\/\/www.latienducagranel.com\/index.php\/producto\/risotto-de-hongos\/","title":{"rendered":"Risotto de hongos"},"content":{"rendered":"<p>El risotto de hongos es un risotto con intenso sabor a boletus. Receta vegana, sin sal, colorantes o conservantes a\u00f1adidos.<\/p>\n<p>Ingredientes: Arroz (categor\u00eda extra),\u00a0<i>Boletus <\/i>deshidratados (aprox. 5%), calabac\u00edn deshidratado, ajo deshidratado, perejil deshidratado.<\/p>\n<p>En una cazuela con 2 cucharadas soperas de aceite de oliva se dorar una cebolla y posteriormente sofre\u00edr el risotto y sazonar al gusto. A\u00f1adir un poco de vino blanco seco hasta que se evapore. Incorporar poco a poco agua o caldo caliente (algo m\u00e1s del doble del producto) removiendo de vez en cuando durante 20-25 minutos. Hacia el final de la cocci\u00f3n, poner un poco de mantequilla y\/o parmesano rallado (opcional) y remover bien.<\/p>\n","protected":false},"excerpt":{"rendered":"<p>El risotto de hongos es un risotto con intenso sabor a boletus. Receta vegana, sin sal, colorantes o conservantes a\u00f1adidos. Ingredientes: Arroz (categor\u00eda extra),\u00a0Boletus deshidratados (aprox. 5%), calabac\u00edn deshidratado, ajo deshidratado, perejil deshidratado. En una cazuela con 2 cucharadas soperas de aceite de oliva se&nbsp;&#8230; [Leer m\u00e1s]<\/p>\n","protected":false},"featured_media":934,"template":"","meta":{"sfsi_plus_gutenberg_text_before_share":"","sfsi_plus_gutenberg_show_text_before_share":"","sfsi_plus_gutenberg_icon_type":"","sfsi_plus_gutenberg_icon_alignemt":"","sfsi_plus_gutenburg_max_per_row":""},"product_brand":[],"product_cat":[48,31,65],"product_tag":[],"class_list":{"0":"post-933","1":"product","2":"type-product","3":"status-publish","4":"has-post-thumbnail","6":"product_cat-alimentacion","7":"product_cat-arroz","8":"product_cat-risottos","10":"first","11":"instock","12":"taxable","13":"shipping-taxable","14":"purchasable","15":"product-type-simple"},"_links":{"self":[{"href":"https:\/\/www.latienducagranel.com\/index.php\/wp-json\/wp\/v2\/product\/933","targetHints":{"allow":["GET"]}}],"collection":[{"href":"https:\/\/www.latienducagranel.com\/index.php\/wp-json\/wp\/v2\/product"}],"about":[{"href":"https:\/\/www.latienducagranel.com\/index.php\/wp-json\/wp\/v2\/types\/product"}],"wp:featuredmedia":[{"embeddable":true,"href":"https:\/\/www.latienducagranel.com\/index.php\/wp-json\/wp\/v2\/media\/934"}],"wp:attachment":[{"href":"https:\/\/www.latienducagranel.com\/index.php\/wp-json\/wp\/v2\/media?parent=933"}],"wp:term":[{"taxonomy":"product_brand","embeddable":true,"href":"https:\/\/www.latienducagranel.com\/index.php\/wp-json\/wp\/v2\/product_brand?post=933"},{"taxonomy":"product_cat","embeddable":true,"href":"https:\/\/www.latienducagranel.com\/index.php\/wp-json\/wp\/v2\/product_cat?post=933"},{"taxonomy":"product_tag","embeddable":true,"href":"https:\/\/www.latienducagranel.com\/index.php\/wp-json\/wp\/v2\/product_tag?post=933"}],"curies":[{"name":"wp","href":"https:\/\/api.w.org\/{rel}","templated":true}]}}