{"id":823,"date":"2020-12-14T10:58:00","date_gmt":"2020-12-14T10:58:00","guid":{"rendered":"https:\/\/www.latienducagranel.com\/?post_type=product&#038;p=823"},"modified":"2023-01-18T16:01:54","modified_gmt":"2023-01-18T16:01:54","slug":"limpiador-bano","status":"publish","type":"product","link":"https:\/\/www.latienducagranel.com\/index.php\/producto\/limpiador-bano\/","title":{"rendered":"Limpiador ba\u00f1os ecol\u00f3gico"},"content":{"rendered":"<p>El limpiador ba\u00f1o es un limpiador desincrustante ideal para la limpieza de restos de obra, manchas de cal y \u00f3xido en azulejos, juntas, inodoros, grifer\u00edas y fregaderos, gres, materiales vitrocer\u00e1micos, etc. Pulverizar la zona a desincrustar, esperar unos minutos (si es necesario frotar) y aclarar con agua. No utilizar en piedras naturales ni material absorbente.<\/p>\n","protected":false},"excerpt":{"rendered":"<p>El limpiador ba\u00f1o es un limpiador desincrustante ideal para la limpieza de restos de obra, manchas de cal y \u00f3xido en azulejos, juntas, inodoros, grifer\u00edas y fregaderos, gres, materiales vitrocer\u00e1micos, etc. Pulverizar la zona a desincrustar, esperar unos minutos (si es necesario frotar) y aclarar&nbsp;&#8230; [Leer m\u00e1s]<\/p>\n","protected":false},"featured_media":1592,"template":"","meta":{"sfsi_plus_gutenberg_text_before_share":"","sfsi_plus_gutenberg_show_text_before_share":"","sfsi_plus_gutenberg_icon_type":"","sfsi_plus_gutenberg_icon_alignemt":"","sfsi_plus_gutenburg_max_per_row":""},"product_brand":[],"product_cat":[49,40],"product_tag":[639,642],"class_list":{"0":"post-823","1":"product","2":"type-product","3":"status-publish","4":"has-post-thumbnail","6":"product_cat-limpieza","7":"product_cat-hogar","8":"product_tag-limpiador","9":"product_tag-limpiador-bano","11":"first","12":"instock","13":"taxable","14":"shipping-taxable","15":"purchasable","16":"product-type-simple"},"_links":{"self":[{"href":"https:\/\/www.latienducagranel.com\/index.php\/wp-json\/wp\/v2\/product\/823","targetHints":{"allow":["GET"]}}],"collection":[{"href":"https:\/\/www.latienducagranel.com\/index.php\/wp-json\/wp\/v2\/product"}],"about":[{"href":"https:\/\/www.latienducagranel.com\/index.php\/wp-json\/wp\/v2\/types\/product"}],"wp:featuredmedia":[{"embeddable":true,"href":"https:\/\/www.latienducagranel.com\/index.php\/wp-json\/wp\/v2\/media\/1592"}],"wp:attachment":[{"href":"https:\/\/www.latienducagranel.com\/index.php\/wp-json\/wp\/v2\/media?parent=823"}],"wp:term":[{"taxonomy":"product_brand","embeddable":true,"href":"https:\/\/www.latienducagranel.com\/index.php\/wp-json\/wp\/v2\/product_brand?post=823"},{"taxonomy":"product_cat","embeddable":true,"href":"https:\/\/www.latienducagranel.com\/index.php\/wp-json\/wp\/v2\/product_cat?post=823"},{"taxonomy":"product_tag","embeddable":true,"href":"https:\/\/www.latienducagranel.com\/index.php\/wp-json\/wp\/v2\/product_tag?post=823"}],"curies":[{"name":"wp","href":"https:\/\/api.w.org\/{rel}","templated":true}]}}