{"id":757,"date":"2020-12-04T18:17:20","date_gmt":"2020-12-04T18:17:20","guid":{"rendered":"https:\/\/www.latienducagranel.com\/?post_type=product&#038;p=757"},"modified":"2026-01-21T18:53:45","modified_gmt":"2026-01-21T17:53:45","slug":"cafe-costa-rica-tarrazu","status":"publish","type":"product","link":"https:\/\/www.latienducagranel.com\/index.php\/producto\/cafe-costa-rica-tarrazu\/","title":{"rendered":"Caf\u00e9 Costa Rica Tarraz\u00fa"},"content":{"rendered":"<p>Nuestro caf\u00e9 Costa Rica Tarraz\u00fa son granos de caf\u00e9 100% ar\u00e1bica procedentes de la regi\u00f3n Los Santos Tarraz\u00fa, que se sit\u00faa entre los 1.300 y 1.900 metros de altitud. Tueste natural.<\/p>\n<p>La explotaci\u00f3n agr\u00edcola del caf\u00e9 en este pa\u00eds comienza en 1808, y en 1920 las exportaciones. Desde ese momento se proh\u00edben las importaciones y s\u00f3lo se autoriza el consumo de caf\u00e9 propio.<\/p>\n<p>La regi\u00f3n de Tarraz\u00fa, al sur del pa\u00eds, destaca por su altitud media y es muy apreciada por su subsuelo volc\u00e1nico. Lo que ha provocado que se haya centrado en el caf\u00e9 de especialidad, donde es referente mundial.<\/p>\n<p>Se trata de un caf\u00e9 de fragancia achocolatada, acaramelada y frutal. Compleja, de intensidad media, acidez brillante y poco punzante. Cuerpo sedoso y sensaci\u00f3n\u00a0media de oleosidad en boca.<\/p>\n<p>Buen desarrollo del grano en el tueste. Tueste regular.<\/p>\n","protected":false},"excerpt":{"rendered":"<p>Nuestro caf\u00e9 Costa Rica Tarraz\u00fa son granos de caf\u00e9 100% ar\u00e1bica procedentes de la regi\u00f3n Los Santos Tarraz\u00fa, que se sit\u00faa entre los 1.300 y 1.900 metros de altitud. Tueste natural. La explotaci\u00f3n agr\u00edcola del caf\u00e9 en este pa\u00eds comienza en 1808, y en 1920&nbsp;&#8230; [Leer m\u00e1s]<\/p>\n","protected":false},"featured_media":800,"template":"","meta":{"sfsi_plus_gutenberg_text_before_share":"","sfsi_plus_gutenberg_show_text_before_share":"","sfsi_plus_gutenberg_icon_type":"","sfsi_plus_gutenberg_icon_alignemt":"","sfsi_plus_gutenburg_max_per_row":""},"product_brand":[],"product_cat":[48,45],"product_tag":[117,119,123,124,120,125,121,122],"class_list":{"0":"post-757","1":"product","2":"type-product","3":"status-publish","4":"has-post-thumbnail","6":"product_cat-alimentacion","7":"product_cat-cafe","8":"product_tag-cafe","9":"product_tag-cafe-arabica","10":"product_tag-cafe-costa-rica","11":"product_tag-cafe-mujeres","12":"product_tag-cafe-natural","13":"product_tag-copetarrazu","14":"product_tag-tueste-natural","15":"product_tag-variedad-arabica","17":"first","18":"instock","19":"taxable","20":"shipping-taxable","21":"purchasable","22":"product-type-simple"},"_links":{"self":[{"href":"https:\/\/www.latienducagranel.com\/index.php\/wp-json\/wp\/v2\/product\/757","targetHints":{"allow":["GET"]}}],"collection":[{"href":"https:\/\/www.latienducagranel.com\/index.php\/wp-json\/wp\/v2\/product"}],"about":[{"href":"https:\/\/www.latienducagranel.com\/index.php\/wp-json\/wp\/v2\/types\/product"}],"wp:featuredmedia":[{"embeddable":true,"href":"https:\/\/www.latienducagranel.com\/index.php\/wp-json\/wp\/v2\/media\/800"}],"wp:attachment":[{"href":"https:\/\/www.latienducagranel.com\/index.php\/wp-json\/wp\/v2\/media?parent=757"}],"wp:term":[{"taxonomy":"product_brand","embeddable":true,"href":"https:\/\/www.latienducagranel.com\/index.php\/wp-json\/wp\/v2\/product_brand?post=757"},{"taxonomy":"product_cat","embeddable":true,"href":"https:\/\/www.latienducagranel.com\/index.php\/wp-json\/wp\/v2\/product_cat?post=757"},{"taxonomy":"product_tag","embeddable":true,"href":"https:\/\/www.latienducagranel.com\/index.php\/wp-json\/wp\/v2\/product_tag?post=757"}],"curies":[{"name":"wp","href":"https:\/\/api.w.org\/{rel}","templated":true}]}}