{"id":661,"date":"2020-11-28T15:55:06","date_gmt":"2020-11-28T15:55:06","guid":{"rendered":"https:\/\/www.latienducagranel.com\/?post_type=product&#038;p=661"},"modified":"2025-11-26T18:34:45","modified_gmt":"2025-11-26T17:34:45","slug":"pure-de-patatas","status":"publish","type":"product","link":"https:\/\/www.latienducagranel.com\/index.php\/producto\/pure-de-patatas\/","title":{"rendered":"Pur\u00e9 de patatas ECO"},"content":{"rendered":"<p>Pur\u00e9 de patatas eco: Los copos de patata o pur\u00e9 de patatas instant\u00e1neo ha sido el nombre industrial otorgado al invento m\u00e1s pr\u00e1ctico en la historia alimentaria.<\/p>\n<p>Es una guarnici\u00f3n perfecta para cualquier clase de comida y puede utilizarse como sustituto del pan rallado para rebozados de carne o vegetales.<\/p>\n<p>Ingredientes: patata ecol\u00f3gica (99,9%), extracto de romero ecol\u00f3gico (0,01%)<\/p>\n","protected":false},"excerpt":{"rendered":"<p>Pur\u00e9 de patatas eco: Los copos de patata o pur\u00e9 de patatas instant\u00e1neo ha sido el nombre industrial otorgado al invento m\u00e1s pr\u00e1ctico en la historia alimentaria. Es una guarnici\u00f3n perfecta para cualquier clase de comida y puede utilizarse como sustituto del pan rallado para&nbsp;&#8230; [Leer m\u00e1s]<\/p>\n","protected":false},"featured_media":662,"template":"","meta":{"sfsi_plus_gutenberg_text_before_share":"","sfsi_plus_gutenberg_show_text_before_share":"","sfsi_plus_gutenberg_icon_type":"","sfsi_plus_gutenberg_icon_alignemt":"","sfsi_plus_gutenburg_max_per_row":""},"product_brand":[],"product_cat":[48,59],"product_tag":[607,606,608,604,605],"class_list":{"0":"post-661","1":"product","2":"type-product","3":"status-publish","4":"has-post-thumbnail","6":"product_cat-alimentacion","7":"product_cat-sopas","8":"product_tag-copos-de-patata","9":"product_tag-copos-de-patata-deshidratada","10":"product_tag-copos-de-patata-eco","11":"product_tag-pure-de-patatas","12":"product_tag-pure-de-patatas-eco","14":"first","15":"instock","16":"taxable","17":"shipping-taxable","18":"purchasable","19":"product-type-simple"},"_links":{"self":[{"href":"https:\/\/www.latienducagranel.com\/index.php\/wp-json\/wp\/v2\/product\/661","targetHints":{"allow":["GET"]}}],"collection":[{"href":"https:\/\/www.latienducagranel.com\/index.php\/wp-json\/wp\/v2\/product"}],"about":[{"href":"https:\/\/www.latienducagranel.com\/index.php\/wp-json\/wp\/v2\/types\/product"}],"wp:featuredmedia":[{"embeddable":true,"href":"https:\/\/www.latienducagranel.com\/index.php\/wp-json\/wp\/v2\/media\/662"}],"wp:attachment":[{"href":"https:\/\/www.latienducagranel.com\/index.php\/wp-json\/wp\/v2\/media?parent=661"}],"wp:term":[{"taxonomy":"product_brand","embeddable":true,"href":"https:\/\/www.latienducagranel.com\/index.php\/wp-json\/wp\/v2\/product_brand?post=661"},{"taxonomy":"product_cat","embeddable":true,"href":"https:\/\/www.latienducagranel.com\/index.php\/wp-json\/wp\/v2\/product_cat?post=661"},{"taxonomy":"product_tag","embeddable":true,"href":"https:\/\/www.latienducagranel.com\/index.php\/wp-json\/wp\/v2\/product_tag?post=661"}],"curies":[{"name":"wp","href":"https:\/\/api.w.org\/{rel}","templated":true}]}}