{"id":571,"date":"2020-11-28T10:16:51","date_gmt":"2020-11-28T10:16:51","guid":{"rendered":"https:\/\/www.latienducagranel.com\/?post_type=product&#038;p=571"},"modified":"2023-07-27T11:43:49","modified_gmt":"2023-07-27T11:43:49","slug":"pimienta-blanca-molida","status":"publish","type":"product","link":"https:\/\/www.latienducagranel.com\/index.php\/producto\/pimienta-blanca-molida\/","title":{"rendered":"Pimienta blanca molida"},"content":{"rendered":"<p>Pimienta blanca molida: Producto obtenido de la molienda de las bayas maduras, desprovistas de c\u00e1scara, de la planta <em>Pipper nigrum.\u00a0<\/em><\/p>\n<p>La pimienta blanca es un poco menos picante y arom\u00e1tica que la negra.<\/p>\n<p>Se utiliza de forma frecuente en las recetas de bechamel y masas de pasta, ya que\u00a0realza el sabor de la receta sin cambiar su color.<\/p>\n<p>La pimienta blancaproviene del mismo \u00e1rbol que la pimienta negra. La diferencia est\u00e1 en que, para obtener la pimienta blanca, se deja madurar el fruto hasta que toma un color rojizo, del cual, posteriormente, se elimina la cut\u00edcula exterior (c\u00e1scara); por ello adquiere la coloraci\u00f3n blanquecina.<\/p>\n","protected":false},"excerpt":{"rendered":"<p>Pimienta blanca molida: Producto obtenido de la molienda de las bayas maduras, desprovistas de c\u00e1scara, de la planta Pipper nigrum.\u00a0 La pimienta blanca es un poco menos picante y arom\u00e1tica que la negra. Se utiliza de forma frecuente en las recetas de bechamel y masas&nbsp;&#8230; [Leer m\u00e1s]<\/p>\n","protected":false},"featured_media":572,"template":"","meta":{"sfsi_plus_gutenberg_text_before_share":"","sfsi_plus_gutenberg_show_text_before_share":"","sfsi_plus_gutenberg_icon_type":"","sfsi_plus_gutenberg_icon_alignemt":"","sfsi_plus_gutenburg_max_per_row":""},"product_brand":[],"product_cat":[48,20],"product_tag":[895,929,930],"class_list":{"0":"post-571","1":"product","2":"type-product","3":"status-publish","4":"has-post-thumbnail","6":"product_cat-alimentacion","7":"product_cat-hierbas-especias-y-condimentos","8":"product_tag-pimienta","9":"product_tag-pimienta-blanca","10":"product_tag-pimienta-blanca-molida","12":"first","13":"instock","14":"taxable","15":"shipping-taxable","16":"purchasable","17":"product-type-simple"},"_links":{"self":[{"href":"https:\/\/www.latienducagranel.com\/index.php\/wp-json\/wp\/v2\/product\/571","targetHints":{"allow":["GET"]}}],"collection":[{"href":"https:\/\/www.latienducagranel.com\/index.php\/wp-json\/wp\/v2\/product"}],"about":[{"href":"https:\/\/www.latienducagranel.com\/index.php\/wp-json\/wp\/v2\/types\/product"}],"wp:featuredmedia":[{"embeddable":true,"href":"https:\/\/www.latienducagranel.com\/index.php\/wp-json\/wp\/v2\/media\/572"}],"wp:attachment":[{"href":"https:\/\/www.latienducagranel.com\/index.php\/wp-json\/wp\/v2\/media?parent=571"}],"wp:term":[{"taxonomy":"product_brand","embeddable":true,"href":"https:\/\/www.latienducagranel.com\/index.php\/wp-json\/wp\/v2\/product_brand?post=571"},{"taxonomy":"product_cat","embeddable":true,"href":"https:\/\/www.latienducagranel.com\/index.php\/wp-json\/wp\/v2\/product_cat?post=571"},{"taxonomy":"product_tag","embeddable":true,"href":"https:\/\/www.latienducagranel.com\/index.php\/wp-json\/wp\/v2\/product_tag?post=571"}],"curies":[{"name":"wp","href":"https:\/\/api.w.org\/{rel}","templated":true}]}}