{"id":436,"date":"2020-11-20T18:26:12","date_gmt":"2020-11-20T18:26:12","guid":{"rendered":"https:\/\/www.latienducagranel.com\/?post_type=product&#038;p=436"},"modified":"2024-11-13T14:01:22","modified_gmt":"2024-11-13T13:01:22","slug":"jabon-facial","status":"publish","type":"product","link":"https:\/\/www.latienducagranel.com\/index.php\/producto\/jabon-facial\/","title":{"rendered":"Jab\u00f3n facial"},"content":{"rendered":"<p>Jab\u00f3n facial, especialmente formulada para las pieles grasas, con acn\u00e9 o con necesidades depurativas.<br \/>\nLimpi\u00e1n con suavidad, repar\u00e1ndo y manteniendo el equilibrio de tu piel<\/p>\n<p>PROPIEDADES<br \/>\n-Limpieza basada en tensoactivos vegetales suaves. Sin SLS<br \/>\n-Desintoxica tu piel gracias a la arcilla verde.<br \/>\n-Reequilibra el sebo facial.<br \/>\n-Combate las posible infecciones y comedones.<br \/>\n-Cierra los poros abiertos y la sensaci\u00f3n grasa.<\/p>\n<p>40% Ingredientes BIO<br \/>\nEnvasado en PAPEL 60gr.<\/p>\n","protected":false},"excerpt":{"rendered":"<p>Jab\u00f3n facial, especialmente formulada para las pieles grasas, con acn\u00e9 o con necesidades depurativas. Limpi\u00e1n con suavidad, repar\u00e1ndo y manteniendo el equilibrio de tu piel PROPIEDADES -Limpieza basada en tensoactivos vegetales suaves. Sin SLS -Desintoxica tu piel gracias a la arcilla verde. -Reequilibra el sebo&nbsp;&#8230; [Leer m\u00e1s]<\/p>\n","protected":false},"featured_media":437,"template":"","meta":{"sfsi_plus_gutenberg_text_before_share":"","sfsi_plus_gutenberg_show_text_before_share":"","sfsi_plus_gutenberg_icon_type":"","sfsi_plus_gutenberg_icon_alignemt":"","sfsi_plus_gutenburg_max_per_row":""},"product_brand":[],"product_cat":[54,50],"product_tag":[1059,1070,1071,1072],"class_list":{"0":"post-436","1":"product","2":"type-product","3":"status-publish","4":"has-post-thumbnail","6":"product_cat-rincon-silvestre","7":"product_cat-productos-ecologicos","8":"product_tag-jabon","9":"product_tag-jabon-eco","10":"product_tag-jabon-facial","11":"product_tag-jabon-facial-eco","13":"first","14":"instock","15":"taxable","16":"shipping-taxable","17":"purchasable","18":"product-type-simple"},"_links":{"self":[{"href":"https:\/\/www.latienducagranel.com\/index.php\/wp-json\/wp\/v2\/product\/436","targetHints":{"allow":["GET"]}}],"collection":[{"href":"https:\/\/www.latienducagranel.com\/index.php\/wp-json\/wp\/v2\/product"}],"about":[{"href":"https:\/\/www.latienducagranel.com\/index.php\/wp-json\/wp\/v2\/types\/product"}],"wp:featuredmedia":[{"embeddable":true,"href":"https:\/\/www.latienducagranel.com\/index.php\/wp-json\/wp\/v2\/media\/437"}],"wp:attachment":[{"href":"https:\/\/www.latienducagranel.com\/index.php\/wp-json\/wp\/v2\/media?parent=436"}],"wp:term":[{"taxonomy":"product_brand","embeddable":true,"href":"https:\/\/www.latienducagranel.com\/index.php\/wp-json\/wp\/v2\/product_brand?post=436"},{"taxonomy":"product_cat","embeddable":true,"href":"https:\/\/www.latienducagranel.com\/index.php\/wp-json\/wp\/v2\/product_cat?post=436"},{"taxonomy":"product_tag","embeddable":true,"href":"https:\/\/www.latienducagranel.com\/index.php\/wp-json\/wp\/v2\/product_tag?post=436"}],"curies":[{"name":"wp","href":"https:\/\/api.w.org\/{rel}","templated":true}]}}