{"id":419,"date":"2020-11-20T17:42:19","date_gmt":"2020-11-20T17:42:19","guid":{"rendered":"https:\/\/www.latienducagranel.com\/?post_type=product&#038;p=419"},"modified":"2025-05-15T17:33:40","modified_gmt":"2025-05-15T16:33:40","slug":"cobertura-de-chocolate-negro","status":"publish","type":"product","link":"https:\/\/www.latienducagranel.com\/index.php\/producto\/cobertura-de-chocolate-negro\/","title":{"rendered":"Cobertura de chocolate negro"},"content":{"rendered":"<p>La cobertura de chocolate negro se presenta en forma de perlas redondeadas de color marr\u00f3n oscuro con el aroma caracter\u00edstico al chocolate y con una textura suave.<\/p>\n<p>Nuestra cobertura de chocolate negro es cobertura 70%<\/p>\n<p>La cobertura de chocolate negro aporta numerosos beneficios a nuestro organismo: es una fuente rica de antioxidantes, se considera un protector para el coraz\u00f3n, es bueno para el cerebro ya que estimula el flujo de sangre de este, proporciona una piel m\u00e1s saludable, posee minerales vitales y puede ayudar a combatir la fatiga cr\u00f3nica.<\/p>\n","protected":false},"excerpt":{"rendered":"<p>La cobertura de chocolate negro se presenta en forma de perlas redondeadas de color marr\u00f3n oscuro con el aroma caracter\u00edstico al chocolate y con una textura suave. Nuestra cobertura de chocolate negro es cobertura 70% La cobertura de chocolate negro aporta numerosos beneficios a nuestro&nbsp;&#8230; [Leer m\u00e1s]<\/p>\n","protected":false},"featured_media":420,"template":"","meta":{"sfsi_plus_gutenberg_text_before_share":"","sfsi_plus_gutenberg_show_text_before_share":"","sfsi_plus_gutenberg_icon_type":"","sfsi_plus_gutenberg_icon_alignemt":"","sfsi_plus_gutenburg_max_per_row":""},"product_brand":[],"product_cat":[48,53],"product_tag":[168,174,175,176,177],"class_list":{"0":"post-419","1":"product","2":"type-product","3":"status-publish","4":"has-post-thumbnail","6":"product_cat-alimentacion","7":"product_cat-chocolates-y-dulces","8":"product_tag-chocolate","9":"product_tag-cobertura","10":"product_tag-cobertura-de-chocolate","11":"product_tag-cobertura-de-chocolate-negro","12":"product_tag-perlas-de-chocolate","14":"first","15":"instock","16":"taxable","17":"shipping-taxable","18":"purchasable","19":"product-type-simple"},"_links":{"self":[{"href":"https:\/\/www.latienducagranel.com\/index.php\/wp-json\/wp\/v2\/product\/419","targetHints":{"allow":["GET"]}}],"collection":[{"href":"https:\/\/www.latienducagranel.com\/index.php\/wp-json\/wp\/v2\/product"}],"about":[{"href":"https:\/\/www.latienducagranel.com\/index.php\/wp-json\/wp\/v2\/types\/product"}],"wp:featuredmedia":[{"embeddable":true,"href":"https:\/\/www.latienducagranel.com\/index.php\/wp-json\/wp\/v2\/media\/420"}],"wp:attachment":[{"href":"https:\/\/www.latienducagranel.com\/index.php\/wp-json\/wp\/v2\/media?parent=419"}],"wp:term":[{"taxonomy":"product_brand","embeddable":true,"href":"https:\/\/www.latienducagranel.com\/index.php\/wp-json\/wp\/v2\/product_brand?post=419"},{"taxonomy":"product_cat","embeddable":true,"href":"https:\/\/www.latienducagranel.com\/index.php\/wp-json\/wp\/v2\/product_cat?post=419"},{"taxonomy":"product_tag","embeddable":true,"href":"https:\/\/www.latienducagranel.com\/index.php\/wp-json\/wp\/v2\/product_tag?post=419"}],"curies":[{"name":"wp","href":"https:\/\/api.w.org\/{rel}","templated":true}]}}