{"id":379,"date":"2020-11-20T16:17:08","date_gmt":"2020-11-20T16:17:08","guid":{"rendered":"https:\/\/www.latienducagranel.com\/?post_type=product&#038;p=379"},"modified":"2025-10-06T12:39:36","modified_gmt":"2025-10-06T11:39:36","slug":"pinon","status":"publish","type":"product","link":"https:\/\/www.latienducagranel.com\/index.php\/producto\/pinon\/","title":{"rendered":"Pi\u00f1\u00f3n nacional"},"content":{"rendered":"<p>Pi\u00f1\u00f3n de origen nacional<\/p>\n","protected":false},"excerpt":{"rendered":"<p>Pi\u00f1\u00f3n de origen nacional<\/p>\n","protected":false},"featured_media":380,"template":"","meta":{"sfsi_plus_gutenberg_text_before_share":"","sfsi_plus_gutenberg_show_text_before_share":"","sfsi_plus_gutenberg_icon_type":"","sfsi_plus_gutenberg_icon_alignemt":"","sfsi_plus_gutenburg_max_per_row":""},"product_brand":[],"product_cat":[48,34,68],"product_tag":[324,1449,1448,325,1451,1450],"class_list":{"0":"post-379","1":"product","2":"type-product","3":"status-publish","4":"has-post-thumbnail","6":"product_cat-alimentacion","7":"product_cat-frutos-secos","8":"product_cat-frutos-secos-sin-cascara","9":"product_tag-pinon","10":"product_tag-pinon-castellano","11":"product_tag-pinon-nacional","12":"product_tag-pinones","13":"product_tag-pinones-castellanos","14":"product_tag-pinones-nacionales","16":"first","17":"instock","18":"taxable","19":"shipping-taxable","20":"purchasable","21":"product-type-simple"},"_links":{"self":[{"href":"https:\/\/www.latienducagranel.com\/index.php\/wp-json\/wp\/v2\/product\/379","targetHints":{"allow":["GET"]}}],"collection":[{"href":"https:\/\/www.latienducagranel.com\/index.php\/wp-json\/wp\/v2\/product"}],"about":[{"href":"https:\/\/www.latienducagranel.com\/index.php\/wp-json\/wp\/v2\/types\/product"}],"wp:featuredmedia":[{"embeddable":true,"href":"https:\/\/www.latienducagranel.com\/index.php\/wp-json\/wp\/v2\/media\/380"}],"wp:attachment":[{"href":"https:\/\/www.latienducagranel.com\/index.php\/wp-json\/wp\/v2\/media?parent=379"}],"wp:term":[{"taxonomy":"product_brand","embeddable":true,"href":"https:\/\/www.latienducagranel.com\/index.php\/wp-json\/wp\/v2\/product_brand?post=379"},{"taxonomy":"product_cat","embeddable":true,"href":"https:\/\/www.latienducagranel.com\/index.php\/wp-json\/wp\/v2\/product_cat?post=379"},{"taxonomy":"product_tag","embeddable":true,"href":"https:\/\/www.latienducagranel.com\/index.php\/wp-json\/wp\/v2\/product_tag?post=379"}],"curies":[{"name":"wp","href":"https:\/\/api.w.org\/{rel}","templated":true}]}}