{"id":353,"date":"2020-11-20T15:55:19","date_gmt":"2020-11-20T15:55:19","guid":{"rendered":"https:\/\/www.latienducagranel.com\/?post_type=product&#038;p=353"},"modified":"2026-02-13T13:15:08","modified_gmt":"2026-02-13T12:15:08","slug":"semillas-de-chia","status":"publish","type":"product","link":"https:\/\/www.latienducagranel.com\/index.php\/producto\/semillas-de-chia\/","title":{"rendered":"Semillas de ch\u00eda"},"content":{"rendered":"<p>Las semillas de ch\u00eda se caracterizan por ser un vegetal rico en aceite y f\u00e9cula. Aporta una gran cantidad de energ\u00eda debido a su alto contenido en prote\u00ednas y la combinaci\u00f3n de minerales que presenta.<\/p>\n","protected":false},"excerpt":{"rendered":"<p>Las semillas de ch\u00eda se caracterizan por ser un vegetal rico en aceite y f\u00e9cula. Aporta una gran cantidad de energ\u00eda debido a su alto contenido en prote\u00ednas y la combinaci\u00f3n de minerales que presenta.<\/p>\n","protected":false},"featured_media":354,"template":"","meta":{"sfsi_plus_gutenberg_text_before_share":"","sfsi_plus_gutenberg_show_text_before_share":"","sfsi_plus_gutenberg_icon_type":"","sfsi_plus_gutenberg_icon_alignemt":"","sfsi_plus_gutenburg_max_per_row":""},"product_brand":[],"product_cat":[48,27],"product_tag":[573],"class_list":{"0":"post-353","1":"product","2":"type-product","3":"status-publish","4":"has-post-thumbnail","6":"product_cat-alimentacion","7":"product_cat-semillas","8":"product_tag-semillas-de-chia","10":"first","11":"instock","12":"taxable","13":"shipping-taxable","14":"purchasable","15":"product-type-simple"},"_links":{"self":[{"href":"https:\/\/www.latienducagranel.com\/index.php\/wp-json\/wp\/v2\/product\/353","targetHints":{"allow":["GET"]}}],"collection":[{"href":"https:\/\/www.latienducagranel.com\/index.php\/wp-json\/wp\/v2\/product"}],"about":[{"href":"https:\/\/www.latienducagranel.com\/index.php\/wp-json\/wp\/v2\/types\/product"}],"wp:featuredmedia":[{"embeddable":true,"href":"https:\/\/www.latienducagranel.com\/index.php\/wp-json\/wp\/v2\/media\/354"}],"wp:attachment":[{"href":"https:\/\/www.latienducagranel.com\/index.php\/wp-json\/wp\/v2\/media?parent=353"}],"wp:term":[{"taxonomy":"product_brand","embeddable":true,"href":"https:\/\/www.latienducagranel.com\/index.php\/wp-json\/wp\/v2\/product_brand?post=353"},{"taxonomy":"product_cat","embeddable":true,"href":"https:\/\/www.latienducagranel.com\/index.php\/wp-json\/wp\/v2\/product_cat?post=353"},{"taxonomy":"product_tag","embeddable":true,"href":"https:\/\/www.latienducagranel.com\/index.php\/wp-json\/wp\/v2\/product_tag?post=353"}],"curies":[{"name":"wp","href":"https:\/\/api.w.org\/{rel}","templated":true}]}}