{"id":3211,"date":"2026-03-17T12:34:20","date_gmt":"2026-03-17T11:34:20","guid":{"rendered":"https:\/\/www.latienducagranel.com\/?post_type=product&#038;p=3211"},"modified":"2026-03-17T12:34:20","modified_gmt":"2026-03-17T11:34:20","slug":"salvado-de-trigo","status":"publish","type":"product","link":"https:\/\/www.latienducagranel.com\/index.php\/producto\/salvado-de-trigo\/","title":{"rendered":"Salvado de trigo"},"content":{"rendered":"<div class=\"Y3BBE\" data-sfc-cp=\"\" data-sfc-cb=\"\" data-hveid=\"CAEIABAC\">El salvado de trigo es rico en fibra insoluble, ideal para combatir el estre\u00f1imiento, mejorar la salud digestiva y aumentar la saciedad. Adem\u00e1s, ayuda a controlar los niveles de colesterol y az\u00facar. Sin embargo, su consumo excesivo puede causar flatulencias, diarrea y disminuir la absorci\u00f3n de minerales. Se recomienda introducirlo gradualmente en la dieta.<\/div>\n","protected":false},"excerpt":{"rendered":"<p>El salvado de trigo es rico en fibra insoluble, ideal para combatir el estre\u00f1imiento, mejorar la salud digestiva y aumentar la saciedad. Adem\u00e1s, ayuda a controlar los niveles de colesterol y az\u00facar. Sin embargo, su consumo excesivo puede causar flatulencias, diarrea y disminuir la absorci\u00f3n&nbsp;&#8230; [Leer m\u00e1s]<\/p>\n","protected":false},"featured_media":3212,"template":"","meta":{"sfsi_plus_gutenberg_text_before_share":"","sfsi_plus_gutenberg_show_text_before_share":"","sfsi_plus_gutenberg_icon_type":"","sfsi_plus_gutenberg_icon_alignemt":"","sfsi_plus_gutenburg_max_per_row":""},"product_brand":[],"product_cat":[48,37],"product_tag":[1492],"class_list":{"0":"post-3211","1":"product","2":"type-product","3":"status-publish","4":"has-post-thumbnail","6":"product_cat-alimentacion","7":"product_cat-desayunos-y-cereales","8":"product_tag-salvado-de-trigo","10":"first","11":"instock","12":"taxable","13":"shipping-taxable","14":"purchasable","15":"product-type-simple"},"_links":{"self":[{"href":"https:\/\/www.latienducagranel.com\/index.php\/wp-json\/wp\/v2\/product\/3211","targetHints":{"allow":["GET"]}}],"collection":[{"href":"https:\/\/www.latienducagranel.com\/index.php\/wp-json\/wp\/v2\/product"}],"about":[{"href":"https:\/\/www.latienducagranel.com\/index.php\/wp-json\/wp\/v2\/types\/product"}],"wp:featuredmedia":[{"embeddable":true,"href":"https:\/\/www.latienducagranel.com\/index.php\/wp-json\/wp\/v2\/media\/3212"}],"wp:attachment":[{"href":"https:\/\/www.latienducagranel.com\/index.php\/wp-json\/wp\/v2\/media?parent=3211"}],"wp:term":[{"taxonomy":"product_brand","embeddable":true,"href":"https:\/\/www.latienducagranel.com\/index.php\/wp-json\/wp\/v2\/product_brand?post=3211"},{"taxonomy":"product_cat","embeddable":true,"href":"https:\/\/www.latienducagranel.com\/index.php\/wp-json\/wp\/v2\/product_cat?post=3211"},{"taxonomy":"product_tag","embeddable":true,"href":"https:\/\/www.latienducagranel.com\/index.php\/wp-json\/wp\/v2\/product_tag?post=3211"}],"curies":[{"name":"wp","href":"https:\/\/api.w.org\/{rel}","templated":true}]}}