{"id":3209,"date":"2026-03-17T11:46:19","date_gmt":"2026-03-17T10:46:19","guid":{"rendered":"https:\/\/www.latienducagranel.com\/?post_type=product&#038;p=3209"},"modified":"2026-03-17T11:46:19","modified_gmt":"2026-03-17T10:46:19","slug":"helicriso","status":"publish","type":"product","link":"https:\/\/www.latienducagranel.com\/index.php\/producto\/helicriso\/","title":{"rendered":"Helicriso"},"content":{"rendered":"<div class=\"Y3BBE\" data-sfc-cp=\"\" data-sfc-cb=\"\" data-hveid=\"CAEQAA\" data-processed=\"true\">El helicriso (<em class=\"eujQNb\" data-sfc-cb=\"\" data-processed=\"true\">Helichrysum italicum<\/em>), conocido como &#8220;siempreviva&#8221; o &#8220;sol de oro&#8221;, es una planta medicinal destacada por su potenteacci\u00f3n antiinflamatoria, cicatrizante y antial\u00e9rgica. Es ampliamente utilizado para tratar afecciones de la piel (eccemas, heridas), mejorar la circulaci\u00f3n, aliviar alergias respiratorias y reducir hematomas.<span class=\"uJ19be notranslate\" data-wiz-uids=\"bmbhW_d,bmbhW_e\" data-sfc-cb=\"\" data-processed=\"true\"><span class=\"vKEkVd\" data-animation-atomic=\"\" data-wiz-attrbind=\"class=bmbhW_c\/TKHnVd\" data-processed=\"true\"><span aria-hidden=\"true\" data-processed=\"true\">\u00a0<\/span><\/span><\/span><\/p>\n<div class=\"Fwa2Od\" data-animation-skip=\"\" data-sfc-cb=\"\" data-ved=\"2ahUKEwihwpKO36aTAxV0VvEDHfIoBfYQ3s0SegQIARAD\" data-processed=\"true\">El helicriso act\u00faa de manera similar a la hidrocortisona, siendo \u00fatil en alergias, asma y reumatismo. Adem\u00e1s es \u00fatil para tratar afecciones respiratorias tales como bronquitis y rinitis<\/div>\n<\/div>\n<p>&nbsp;<\/p>\n","protected":false},"excerpt":{"rendered":"<p>El helicriso (Helichrysum italicum), conocido como &#8220;siempreviva&#8221; o &#8220;sol de oro&#8221;, es una planta medicinal destacada por su potenteacci\u00f3n antiinflamatoria, cicatrizante y antial\u00e9rgica. Es ampliamente utilizado para tratar afecciones de la piel (eccemas, heridas), mejorar la circulaci\u00f3n, aliviar alergias respiratorias y reducir hematomas.\u00a0 El helicriso&nbsp;&#8230; [Leer m\u00e1s]<\/p>\n","protected":false},"featured_media":3210,"template":"","meta":{"sfsi_plus_gutenberg_text_before_share":"","sfsi_plus_gutenberg_show_text_before_share":"","sfsi_plus_gutenberg_icon_type":"","sfsi_plus_gutenberg_icon_alignemt":"","sfsi_plus_gutenburg_max_per_row":""},"product_brand":[],"product_cat":[48,20],"product_tag":[1489,1490,1491],"class_list":{"0":"post-3209","1":"product","2":"type-product","3":"status-publish","4":"has-post-thumbnail","6":"product_cat-alimentacion","7":"product_cat-hierbas-especias-y-condimentos","8":"product_tag-helicriso","9":"product_tag-siempreviva","10":"product_tag-sol-de-oro","12":"first","13":"instock","14":"taxable","15":"shipping-taxable","16":"purchasable","17":"product-type-simple"},"_links":{"self":[{"href":"https:\/\/www.latienducagranel.com\/index.php\/wp-json\/wp\/v2\/product\/3209","targetHints":{"allow":["GET"]}}],"collection":[{"href":"https:\/\/www.latienducagranel.com\/index.php\/wp-json\/wp\/v2\/product"}],"about":[{"href":"https:\/\/www.latienducagranel.com\/index.php\/wp-json\/wp\/v2\/types\/product"}],"wp:featuredmedia":[{"embeddable":true,"href":"https:\/\/www.latienducagranel.com\/index.php\/wp-json\/wp\/v2\/media\/3210"}],"wp:attachment":[{"href":"https:\/\/www.latienducagranel.com\/index.php\/wp-json\/wp\/v2\/media?parent=3209"}],"wp:term":[{"taxonomy":"product_brand","embeddable":true,"href":"https:\/\/www.latienducagranel.com\/index.php\/wp-json\/wp\/v2\/product_brand?post=3209"},{"taxonomy":"product_cat","embeddable":true,"href":"https:\/\/www.latienducagranel.com\/index.php\/wp-json\/wp\/v2\/product_cat?post=3209"},{"taxonomy":"product_tag","embeddable":true,"href":"https:\/\/www.latienducagranel.com\/index.php\/wp-json\/wp\/v2\/product_tag?post=3209"}],"curies":[{"name":"wp","href":"https:\/\/api.w.org\/{rel}","templated":true}]}}