{"id":3206,"date":"2026-03-16T13:58:56","date_gmt":"2026-03-16T12:58:56","guid":{"rendered":"https:\/\/www.latienducagranel.com\/?post_type=product&#038;p=3206"},"modified":"2026-03-16T13:58:56","modified_gmt":"2026-03-16T12:58:56","slug":"milenrama","status":"publish","type":"product","link":"https:\/\/www.latienducagranel.com\/index.php\/producto\/milenrama\/","title":{"rendered":"Milenrama"},"content":{"rendered":"<div class=\"Y3BBE\" data-sfc-cp=\"\" data-sfc-cb=\"\" data-hveid=\"CAEIABAC\">La milenrama (<em class=\"eujQNb\" data-sfc-cb=\"\">Achillea millefolium<\/em>) es una planta silvestre medicinal con un aspecto delicado y un largo historial de uso tradicional. Adem\u00e1s, cuenta con destacadas propiedades antiinflamatorias, cicatrizantes, antiespasm\u00f3dicas y digestivas, \u00a0\u00fatil para tratar problemas digestivos, dolores menstruales, varices y heridas. Adem\u00e1s, es muy utilizada para aliviar dismenorreas (dolores) y amenorreas (faltas).<\/div>\n<div class=\"Y3BBE\" data-sfc-cp=\"\" data-sfc-cb=\"\" data-hveid=\"CAEIABAC\">Est\u00e1 contraindicada en el embarazo, lactancia, alergias a aster\u00e1ceas y junto a anticoagulantes.<\/div>\n<p>Con sus\u00a0flores peque\u00f1as y blancas o rosadas\u00a0agrupadas en ramilletes, la\u00a0milenrama\u00a0ha sido conocida desde tiempos antiguos en jardines y campos. Aunque hoy en d\u00eda es m\u00e1s com\u00fan encontrarla en forma de infusi\u00f3n, tambi\u00e9n tiene aplicaciones interesantes en la cocina. Sus\u00a0hojas tiernas, de sabor ligeramente amargo y arom\u00e1tico, pueden a\u00f1adirse en\u00a0peque\u00f1as cantidades a ensaladas, guisos o rellenos de empanadas, especialmente en la cocina rural. En algunas regiones se mezcla con otras hierbas para elaborar\u00a0panes caseros con un toque silvestre.<\/p>\n<p>Una curiosidad es que los antiguos soldados romanos llevaban esta planta en sus mochilas como parte de su equipo de campa\u00f1a, ya que es \u00fatil en la curaci\u00f3n de heridas, lo que dio origen a uno de sus nombres populares: &#8220;hierba de los soldados&#8221;. Su aroma recuerda al del hinojo o la manzanilla, y su aspecto ornamental tambi\u00e9n la hace popular en ramos de flores secas.<\/p>\n","protected":false},"excerpt":{"rendered":"<p>La milenrama (Achillea millefolium) es una planta silvestre medicinal con un aspecto delicado y un largo historial de uso tradicional. Adem\u00e1s, cuenta con destacadas propiedades antiinflamatorias, cicatrizantes, antiespasm\u00f3dicas y digestivas, \u00a0\u00fatil para tratar problemas digestivos, dolores menstruales, varices y heridas. Adem\u00e1s, es muy utilizada para&nbsp;&#8230; [Leer m\u00e1s]<\/p>\n","protected":false},"featured_media":3207,"template":"","meta":{"sfsi_plus_gutenberg_text_before_share":"","sfsi_plus_gutenberg_show_text_before_share":"","sfsi_plus_gutenberg_icon_type":"","sfsi_plus_gutenberg_icon_alignemt":"","sfsi_plus_gutenburg_max_per_row":""},"product_brand":[],"product_cat":[48,20],"product_tag":[1488,1487],"class_list":{"0":"post-3206","1":"product","2":"type-product","3":"status-publish","4":"has-post-thumbnail","6":"product_cat-alimentacion","7":"product_cat-hierbas-especias-y-condimentos","8":"product_tag-hierba-de-los-soldados","9":"product_tag-milenrama","11":"first","12":"instock","13":"taxable","14":"shipping-taxable","15":"purchasable","16":"product-type-simple"},"_links":{"self":[{"href":"https:\/\/www.latienducagranel.com\/index.php\/wp-json\/wp\/v2\/product\/3206","targetHints":{"allow":["GET"]}}],"collection":[{"href":"https:\/\/www.latienducagranel.com\/index.php\/wp-json\/wp\/v2\/product"}],"about":[{"href":"https:\/\/www.latienducagranel.com\/index.php\/wp-json\/wp\/v2\/types\/product"}],"wp:featuredmedia":[{"embeddable":true,"href":"https:\/\/www.latienducagranel.com\/index.php\/wp-json\/wp\/v2\/media\/3207"}],"wp:attachment":[{"href":"https:\/\/www.latienducagranel.com\/index.php\/wp-json\/wp\/v2\/media?parent=3206"}],"wp:term":[{"taxonomy":"product_brand","embeddable":true,"href":"https:\/\/www.latienducagranel.com\/index.php\/wp-json\/wp\/v2\/product_brand?post=3206"},{"taxonomy":"product_cat","embeddable":true,"href":"https:\/\/www.latienducagranel.com\/index.php\/wp-json\/wp\/v2\/product_cat?post=3206"},{"taxonomy":"product_tag","embeddable":true,"href":"https:\/\/www.latienducagranel.com\/index.php\/wp-json\/wp\/v2\/product_tag?post=3206"}],"curies":[{"name":"wp","href":"https:\/\/api.w.org\/{rel}","templated":true}]}}