{"id":320,"date":"2020-11-20T15:19:12","date_gmt":"2020-11-20T15:19:12","guid":{"rendered":"https:\/\/www.latienducagranel.com\/?post_type=product&#038;p=320"},"modified":"2025-09-17T12:16:53","modified_gmt":"2025-09-17T11:16:53","slug":"garbanzo-pedrosillano-eco","status":"publish","type":"product","link":"https:\/\/www.latienducagranel.com\/index.php\/producto\/garbanzo-pedrosillano-eco\/","title":{"rendered":"Garbanzo pedrosillano ECO"},"content":{"rendered":"<p>El garbanzo pedrosillano eco es una variedad de las m\u00e1s demandadas en nuestro pa\u00eds, de tama\u00f1o peque\u00f1o y cultivo ecol\u00f3gico.<\/p>\n","protected":false},"excerpt":{"rendered":"<p>El garbanzo pedrosillano eco es una variedad de las m\u00e1s demandadas en nuestro pa\u00eds, de tama\u00f1o peque\u00f1o y cultivo ecol\u00f3gico.<\/p>\n","protected":false},"featured_media":321,"template":"","meta":{"sfsi_plus_gutenberg_text_before_share":"","sfsi_plus_gutenberg_show_text_before_share":"","sfsi_plus_gutenberg_icon_type":"","sfsi_plus_gutenberg_icon_alignemt":"","sfsi_plus_gutenburg_max_per_row":""},"product_brand":[],"product_cat":[48,55,23,21,50],"product_tag":[414,416,437,462,436,461,460,463,403],"class_list":{"0":"post-320","1":"product","2":"type-product","3":"status-publish","4":"has-post-thumbnail","6":"product_cat-alimentacion","7":"product_cat-alimentacion-ecolgica","8":"product_cat-garbanzos","9":"product_cat-legumbres","10":"product_cat-productos-ecologicos","11":"product_tag-garbanzo","12":"product_tag-garbanzo-eco","13":"product_tag-garbanzo-pedrosillano","14":"product_tag-garbanzo-pedrosillano-eco","15":"product_tag-garbanzos","16":"product_tag-garbanzos-eco","17":"product_tag-garbanzos-pedrosillanos","18":"product_tag-garbanzos-pedrosillanos-eco","19":"product_tag-legumbres","21":"first","22":"instock","23":"taxable","24":"shipping-taxable","25":"purchasable","26":"product-type-simple"},"_links":{"self":[{"href":"https:\/\/www.latienducagranel.com\/index.php\/wp-json\/wp\/v2\/product\/320","targetHints":{"allow":["GET"]}}],"collection":[{"href":"https:\/\/www.latienducagranel.com\/index.php\/wp-json\/wp\/v2\/product"}],"about":[{"href":"https:\/\/www.latienducagranel.com\/index.php\/wp-json\/wp\/v2\/types\/product"}],"wp:featuredmedia":[{"embeddable":true,"href":"https:\/\/www.latienducagranel.com\/index.php\/wp-json\/wp\/v2\/media\/321"}],"wp:attachment":[{"href":"https:\/\/www.latienducagranel.com\/index.php\/wp-json\/wp\/v2\/media?parent=320"}],"wp:term":[{"taxonomy":"product_brand","embeddable":true,"href":"https:\/\/www.latienducagranel.com\/index.php\/wp-json\/wp\/v2\/product_brand?post=320"},{"taxonomy":"product_cat","embeddable":true,"href":"https:\/\/www.latienducagranel.com\/index.php\/wp-json\/wp\/v2\/product_cat?post=320"},{"taxonomy":"product_tag","embeddable":true,"href":"https:\/\/www.latienducagranel.com\/index.php\/wp-json\/wp\/v2\/product_tag?post=320"}],"curies":[{"name":"wp","href":"https:\/\/api.w.org\/{rel}","templated":true}]}}