{"id":3196,"date":"2026-02-25T19:22:08","date_gmt":"2026-02-25T18:22:08","guid":{"rendered":"https:\/\/www.latienducagranel.com\/?post_type=product&#038;p=3196"},"modified":"2026-02-25T19:22:08","modified_gmt":"2026-02-25T18:22:08","slug":"jalapeno-verde-triturado","status":"publish","type":"product","link":"https:\/\/www.latienducagranel.com\/index.php\/producto\/jalapeno-verde-triturado\/","title":{"rendered":"Jalape\u00f1o verde triturado"},"content":{"rendered":"<p data-path-to-node=\"0\">El jalape\u00f1o verde triturado\u00a0es el chile jalape\u00f1o (<i>Capsicum annuum<\/i>) en su estado inmaduro (verde), secado y luego procesado en forma de escamas o hojillas.<\/p>\n<p data-path-to-node=\"1,0,0\">Proviene del popular chile jalape\u00f1o, cultivado ampliamente en M\u00e9xico.<\/p>\n<p data-path-to-node=\"1,1,0\">Ofrece el sabor vegetal, fresco y herb\u00e1ceo\u00a0caracter\u00edstico del jalape\u00f1o verde, pero concentrado por la deshidrataci\u00f3n.<\/p>\n<p data-path-to-node=\"1,2,0\">Presenta un nivel de picor moderado y controlable, oscilando t\u00edpicamente entre 2,500 y 8,000 Unidades Scoville. Su calor es perceptible pero no extremo.<\/p>\n<p data-path-to-node=\"1,3,0\">Es ideal para a\u00f1adir color verde, textura y un picor fresco a pizzas, sopas, salsas, <i>chili<\/i>\u00a0y adobos, especialmente cuando se busca el sabor aut\u00e9ntico del jalape\u00f1o sin la complejidad ahumada del chipotle.<\/p>\n","protected":false},"excerpt":{"rendered":"<p>El jalape\u00f1o verde triturado\u00a0es el chile jalape\u00f1o (Capsicum annuum) en su estado inmaduro (verde), secado y luego procesado en forma de escamas o hojillas. Proviene del popular chile jalape\u00f1o, cultivado ampliamente en M\u00e9xico. Ofrece el sabor vegetal, fresco y herb\u00e1ceo\u00a0caracter\u00edstico del jalape\u00f1o verde, pero concentrado&nbsp;&#8230; [Leer m\u00e1s]<\/p>\n","protected":false},"featured_media":3197,"template":"","meta":{"sfsi_plus_gutenberg_text_before_share":"","sfsi_plus_gutenberg_show_text_before_share":"","sfsi_plus_gutenberg_icon_type":"","sfsi_plus_gutenberg_icon_alignemt":"","sfsi_plus_gutenburg_max_per_row":""},"product_brand":[],"product_cat":[48,20],"product_tag":[1360,1481,1478,1479,1480],"class_list":{"0":"post-3196","1":"product","2":"type-product","3":"status-publish","4":"has-post-thumbnail","6":"product_cat-alimentacion","7":"product_cat-hierbas-especias-y-condimentos","8":"product_tag-chile","9":"product_tag-chile-jalapeno","10":"product_tag-jalapeno","11":"product_tag-jalapeno-verde","12":"product_tag-jalapeno-verde-triturado","14":"first","15":"instock","16":"taxable","17":"shipping-taxable","18":"purchasable","19":"product-type-simple"},"_links":{"self":[{"href":"https:\/\/www.latienducagranel.com\/index.php\/wp-json\/wp\/v2\/product\/3196","targetHints":{"allow":["GET"]}}],"collection":[{"href":"https:\/\/www.latienducagranel.com\/index.php\/wp-json\/wp\/v2\/product"}],"about":[{"href":"https:\/\/www.latienducagranel.com\/index.php\/wp-json\/wp\/v2\/types\/product"}],"wp:featuredmedia":[{"embeddable":true,"href":"https:\/\/www.latienducagranel.com\/index.php\/wp-json\/wp\/v2\/media\/3197"}],"wp:attachment":[{"href":"https:\/\/www.latienducagranel.com\/index.php\/wp-json\/wp\/v2\/media?parent=3196"}],"wp:term":[{"taxonomy":"product_brand","embeddable":true,"href":"https:\/\/www.latienducagranel.com\/index.php\/wp-json\/wp\/v2\/product_brand?post=3196"},{"taxonomy":"product_cat","embeddable":true,"href":"https:\/\/www.latienducagranel.com\/index.php\/wp-json\/wp\/v2\/product_cat?post=3196"},{"taxonomy":"product_tag","embeddable":true,"href":"https:\/\/www.latienducagranel.com\/index.php\/wp-json\/wp\/v2\/product_tag?post=3196"}],"curies":[{"name":"wp","href":"https:\/\/api.w.org\/{rel}","templated":true}]}}