{"id":318,"date":"2020-11-20T15:16:16","date_gmt":"2020-11-20T15:16:16","guid":{"rendered":"https:\/\/www.latienducagranel.com\/?post_type=product&#038;p=318"},"modified":"2025-06-18T16:26:55","modified_gmt":"2025-06-18T15:26:55","slug":"frijol-negro","status":"publish","type":"product","link":"https:\/\/www.latienducagranel.com\/index.php\/producto\/frijol-negro\/","title":{"rendered":"Frijol negro"},"content":{"rendered":"<p>El frijol negro es una alubia de color negro mate, tama\u00f1o esf\u00e9rico y peque\u00f1o. Una vez cocida crea un caldo oscuro de sabor muy intenso. Destaca por su f\u00e1cil cocci\u00f3n y por su excelente comportamiento en casi todo tipo de platos, siendo utilizada como alubia de guarnici\u00f3n.<\/p>\n","protected":false},"excerpt":{"rendered":"<p>El frijol negro es una alubia de color negro mate, tama\u00f1o esf\u00e9rico y peque\u00f1o. Una vez cocida crea un caldo oscuro de sabor muy intenso. Destaca por su f\u00e1cil cocci\u00f3n y por su excelente comportamiento en casi todo tipo de platos, siendo utilizada como alubia&nbsp;&#8230; [Leer m\u00e1s]<\/p>\n","protected":false},"featured_media":319,"template":"","meta":{"sfsi_plus_gutenberg_text_before_share":"","sfsi_plus_gutenberg_show_text_before_share":"","sfsi_plus_gutenberg_icon_type":"","sfsi_plus_gutenberg_icon_alignemt":"","sfsi_plus_gutenburg_max_per_row":""},"product_brand":[],"product_cat":[48,24,21],"product_tag":[464,465,405,403],"class_list":{"0":"post-318","1":"product","2":"type-product","3":"status-publish","4":"has-post-thumbnail","6":"product_cat-alimentacion","7":"product_cat-alubias","8":"product_cat-legumbres","9":"product_tag-frijol","10":"product_tag-frijol-negro","11":"product_tag-judias","12":"product_tag-legumbres","14":"first","15":"instock","16":"taxable","17":"shipping-taxable","18":"purchasable","19":"product-type-simple"},"_links":{"self":[{"href":"https:\/\/www.latienducagranel.com\/index.php\/wp-json\/wp\/v2\/product\/318","targetHints":{"allow":["GET"]}}],"collection":[{"href":"https:\/\/www.latienducagranel.com\/index.php\/wp-json\/wp\/v2\/product"}],"about":[{"href":"https:\/\/www.latienducagranel.com\/index.php\/wp-json\/wp\/v2\/types\/product"}],"wp:featuredmedia":[{"embeddable":true,"href":"https:\/\/www.latienducagranel.com\/index.php\/wp-json\/wp\/v2\/media\/319"}],"wp:attachment":[{"href":"https:\/\/www.latienducagranel.com\/index.php\/wp-json\/wp\/v2\/media?parent=318"}],"wp:term":[{"taxonomy":"product_brand","embeddable":true,"href":"https:\/\/www.latienducagranel.com\/index.php\/wp-json\/wp\/v2\/product_brand?post=318"},{"taxonomy":"product_cat","embeddable":true,"href":"https:\/\/www.latienducagranel.com\/index.php\/wp-json\/wp\/v2\/product_cat?post=318"},{"taxonomy":"product_tag","embeddable":true,"href":"https:\/\/www.latienducagranel.com\/index.php\/wp-json\/wp\/v2\/product_tag?post=318"}],"curies":[{"name":"wp","href":"https:\/\/api.w.org\/{rel}","templated":true}]}}