{"id":3166,"date":"2026-01-21T20:00:41","date_gmt":"2026-01-21T19:00:41","guid":{"rendered":"https:\/\/www.latienducagranel.com\/?post_type=product&#038;p=3166"},"modified":"2026-04-30T11:15:37","modified_gmt":"2026-04-30T10:15:37","slug":"almendra-garrapinada","status":"publish","type":"product","link":"https:\/\/www.latienducagranel.com\/index.php\/producto\/almendra-garrapinada\/","title":{"rendered":"Almendra garrapi\u00f1ada"},"content":{"rendered":"<p>La almendra garrapi\u00f1ada es un cl\u00e1sico de la confiter\u00eda artesanal. Se trata de almendras comunas tostadas para aportarle textura crujiente y sabrosa envueltas en una capa de caramelo, lo que proporciona contraste con el tostado de la almendra.<\/p>\n","protected":false},"excerpt":{"rendered":"<p>La almendra garrapi\u00f1ada es un cl\u00e1sico de la confiter\u00eda artesanal. Se trata de almendras comunas tostadas para aportarle textura crujiente y sabrosa envueltas en una capa de caramelo, lo que proporciona contraste con el tostado de la almendra.<\/p>\n","protected":false},"featured_media":3167,"template":"","meta":{"sfsi_plus_gutenberg_text_before_share":"","sfsi_plus_gutenberg_show_text_before_share":"","sfsi_plus_gutenberg_icon_type":"","sfsi_plus_gutenberg_icon_alignemt":"","sfsi_plus_gutenburg_max_per_row":""},"product_brand":[],"product_cat":[48,53,34,68],"product_tag":[288,1472],"class_list":{"0":"post-3166","1":"product","2":"type-product","3":"status-publish","4":"has-post-thumbnail","6":"product_cat-alimentacion","7":"product_cat-chocolates-y-dulces","8":"product_cat-frutos-secos","9":"product_cat-frutos-secos-sin-cascara","10":"product_tag-almendra","11":"product_tag-almendra-garrapinada","13":"first","14":"instock","15":"taxable","16":"shipping-taxable","17":"purchasable","18":"product-type-simple"},"_links":{"self":[{"href":"https:\/\/www.latienducagranel.com\/index.php\/wp-json\/wp\/v2\/product\/3166","targetHints":{"allow":["GET"]}}],"collection":[{"href":"https:\/\/www.latienducagranel.com\/index.php\/wp-json\/wp\/v2\/product"}],"about":[{"href":"https:\/\/www.latienducagranel.com\/index.php\/wp-json\/wp\/v2\/types\/product"}],"wp:featuredmedia":[{"embeddable":true,"href":"https:\/\/www.latienducagranel.com\/index.php\/wp-json\/wp\/v2\/media\/3167"}],"wp:attachment":[{"href":"https:\/\/www.latienducagranel.com\/index.php\/wp-json\/wp\/v2\/media?parent=3166"}],"wp:term":[{"taxonomy":"product_brand","embeddable":true,"href":"https:\/\/www.latienducagranel.com\/index.php\/wp-json\/wp\/v2\/product_brand?post=3166"},{"taxonomy":"product_cat","embeddable":true,"href":"https:\/\/www.latienducagranel.com\/index.php\/wp-json\/wp\/v2\/product_cat?post=3166"},{"taxonomy":"product_tag","embeddable":true,"href":"https:\/\/www.latienducagranel.com\/index.php\/wp-json\/wp\/v2\/product_tag?post=3166"}],"curies":[{"name":"wp","href":"https:\/\/api.w.org\/{rel}","templated":true}]}}