{"id":303,"date":"2020-11-19T19:55:12","date_gmt":"2020-11-19T19:55:12","guid":{"rendered":"https:\/\/www.latienducagranel.com\/?post_type=product&#038;p=303"},"modified":"2025-01-08T12:17:10","modified_gmt":"2025-01-08T11:17:10","slug":"tallarin","status":"publish","type":"product","link":"https:\/\/www.latienducagranel.com\/index.php\/producto\/tallarin\/","title":{"rendered":"Tallar\u00edn"},"content":{"rendered":"<p>Tallar\u00edn: Se trata de tallarines elaborados con s\u00e9mola de trigo duro 100%. Sin aditivos. Los tallarines son de ancho peque\u00f1o y forma achatada, que al igual que los espaguetis, son perfectos para cualquier receta de pasta.<\/p>\n","protected":false},"excerpt":{"rendered":"<p>Tallar\u00edn: Se trata de tallarines elaborados con s\u00e9mola de trigo duro 100%. Sin aditivos. Los tallarines son de ancho peque\u00f1o y forma achatada, que al igual que los espaguetis, son perfectos para cualquier receta de pasta.<\/p>\n","protected":false},"featured_media":304,"template":"","meta":{"sfsi_plus_gutenberg_text_before_share":"","sfsi_plus_gutenberg_show_text_before_share":"","sfsi_plus_gutenberg_icon_type":"","sfsi_plus_gutenberg_icon_alignemt":"","sfsi_plus_gutenburg_max_per_row":""},"product_brand":[],"product_cat":[48,30,64],"product_tag":[480,513,514,518],"class_list":{"0":"post-303","1":"product","2":"type-product","3":"status-publish","4":"has-post-thumbnail","6":"product_cat-alimentacion","7":"product_cat-pasta","8":"product_cat-pasta-de-trigo","9":"product_tag-pasta","10":"product_tag-pasta-de-trigo","11":"product_tag-semola-de-trigo-duro","12":"product_tag-tallarin","14":"first","15":"instock","16":"taxable","17":"shipping-taxable","18":"purchasable","19":"product-type-simple"},"_links":{"self":[{"href":"https:\/\/www.latienducagranel.com\/index.php\/wp-json\/wp\/v2\/product\/303","targetHints":{"allow":["GET"]}}],"collection":[{"href":"https:\/\/www.latienducagranel.com\/index.php\/wp-json\/wp\/v2\/product"}],"about":[{"href":"https:\/\/www.latienducagranel.com\/index.php\/wp-json\/wp\/v2\/types\/product"}],"wp:featuredmedia":[{"embeddable":true,"href":"https:\/\/www.latienducagranel.com\/index.php\/wp-json\/wp\/v2\/media\/304"}],"wp:attachment":[{"href":"https:\/\/www.latienducagranel.com\/index.php\/wp-json\/wp\/v2\/media?parent=303"}],"wp:term":[{"taxonomy":"product_brand","embeddable":true,"href":"https:\/\/www.latienducagranel.com\/index.php\/wp-json\/wp\/v2\/product_brand?post=303"},{"taxonomy":"product_cat","embeddable":true,"href":"https:\/\/www.latienducagranel.com\/index.php\/wp-json\/wp\/v2\/product_cat?post=303"},{"taxonomy":"product_tag","embeddable":true,"href":"https:\/\/www.latienducagranel.com\/index.php\/wp-json\/wp\/v2\/product_tag?post=303"}],"curies":[{"name":"wp","href":"https:\/\/api.w.org\/{rel}","templated":true}]}}