{"id":2888,"date":"2024-11-25T11:30:38","date_gmt":"2024-11-25T10:30:38","guid":{"rendered":"https:\/\/www.latienducagranel.com\/?post_type=product&#038;p=2888"},"modified":"2025-08-21T09:28:41","modified_gmt":"2025-08-21T08:28:41","slug":"desodorante-en-crema-teatree-limon","status":"publish","type":"product","link":"https:\/\/www.latienducagranel.com\/index.php\/producto\/desodorante-en-crema-teatree-limon\/","title":{"rendered":"Desodorante en crema teatree-lim\u00f3n"},"content":{"rendered":"<p>Desodorante en Crema Teatree-lim\u00f3n est\u00e1 especialmente formulado para los sudores mas intensos a lo largo de todo el d\u00eda.<\/p>\n<p>Tiene un olor sutil alimonado al que le acompa\u00f1a la seguridad que nos aporte el Teatree.<\/p>\n<p>Desodorante en Crema Teatree-lim\u00f3n, reduce la sudoraci\u00f3n y elimina el mal olor del sudor. Debe su acci\u00f3n a la equilibrada combinaci\u00f3n del frescor de los c\u00edtricos con la astringencia de las maderas.<br \/>\nEs suave con la piel y tiene un olor moderado.<\/p>\n<p>PROPIEDADES<br \/>\nReduce la sudoraci\u00f3n sin tapar las gl\u00e1ndulas.<br \/>\nElimina el mal olor.<br \/>\nSin Aluminio ni alcohol.<\/p>\n<p>90% Ingredientes BIO<br \/>\nEnvase de ALUMINIO 50ml.<\/p>\n<p>USOS<br \/>\nUso diario. Para toda la familia.<br \/>\nTodo tipo de pieles , incluso las sensibles o at\u00f3pica<\/p>\n","protected":false},"excerpt":{"rendered":"<p>Desodorante en Crema Teatree-lim\u00f3n est\u00e1 especialmente formulado para los sudores mas intensos a lo largo de todo el d\u00eda. Tiene un olor sutil alimonado al que le acompa\u00f1a la seguridad que nos aporte el Teatree. Desodorante en Crema Teatree-lim\u00f3n, reduce la sudoraci\u00f3n y elimina el&nbsp;&#8230; [Leer m\u00e1s]<\/p>\n","protected":false},"featured_media":2889,"template":"","meta":{"sfsi_plus_gutenberg_text_before_share":"","sfsi_plus_gutenberg_show_text_before_share":"","sfsi_plus_gutenberg_icon_type":"","sfsi_plus_gutenberg_icon_alignemt":"","sfsi_plus_gutenburg_max_per_row":""},"product_brand":[],"product_cat":[41,44,54,57,50],"product_tag":[],"class_list":{"0":"post-2888","1":"product","2":"type-product","3":"status-publish","4":"has-post-thumbnail","6":"product_cat-higiene-y-cosmetica","7":"product_cat-cosmetica","8":"product_cat-rincon-silvestre","9":"product_cat-higiene-personal","10":"product_cat-productos-ecologicos","12":"first","13":"instock","14":"taxable","15":"shipping-taxable","16":"purchasable","17":"product-type-simple"},"_links":{"self":[{"href":"https:\/\/www.latienducagranel.com\/index.php\/wp-json\/wp\/v2\/product\/2888","targetHints":{"allow":["GET"]}}],"collection":[{"href":"https:\/\/www.latienducagranel.com\/index.php\/wp-json\/wp\/v2\/product"}],"about":[{"href":"https:\/\/www.latienducagranel.com\/index.php\/wp-json\/wp\/v2\/types\/product"}],"wp:featuredmedia":[{"embeddable":true,"href":"https:\/\/www.latienducagranel.com\/index.php\/wp-json\/wp\/v2\/media\/2889"}],"wp:attachment":[{"href":"https:\/\/www.latienducagranel.com\/index.php\/wp-json\/wp\/v2\/media?parent=2888"}],"wp:term":[{"taxonomy":"product_brand","embeddable":true,"href":"https:\/\/www.latienducagranel.com\/index.php\/wp-json\/wp\/v2\/product_brand?post=2888"},{"taxonomy":"product_cat","embeddable":true,"href":"https:\/\/www.latienducagranel.com\/index.php\/wp-json\/wp\/v2\/product_cat?post=2888"},{"taxonomy":"product_tag","embeddable":true,"href":"https:\/\/www.latienducagranel.com\/index.php\/wp-json\/wp\/v2\/product_tag?post=2888"}],"curies":[{"name":"wp","href":"https:\/\/api.w.org\/{rel}","templated":true}]}}