{"id":284,"date":"2020-11-19T19:35:10","date_gmt":"2020-11-19T19:35:10","guid":{"rendered":"https:\/\/www.latienducagranel.com\/?post_type=product&#038;p=284"},"modified":"2024-06-04T17:21:13","modified_gmt":"2024-06-04T16:21:13","slug":"pina-rodajas-sin-azucar","status":"publish","type":"product","link":"https:\/\/www.latienducagranel.com\/index.php\/producto\/pina-rodajas-sin-azucar\/","title":{"rendered":"Pi\u00f1a rodajas sin az\u00facar"},"content":{"rendered":"<p>Pi\u00f1a rodajas sin az\u00facar: La pi\u00f1a es una fruta rica en carbohidratos, minerales y fibra y tiene propiedades antiinflamatorias, anticoagulantes y diur\u00e9ticas. Por ello se utiliza para depurar el organismo y eliminar l\u00edquidos.<\/p>\n","protected":false},"excerpt":{"rendered":"<p>Pi\u00f1a rodajas sin az\u00facar: La pi\u00f1a es una fruta rica en carbohidratos, minerales y fibra y tiene propiedades antiinflamatorias, anticoagulantes y diur\u00e9ticas. Por ello se utiliza para depurar el organismo y eliminar l\u00edquidos.<\/p>\n","protected":false},"featured_media":285,"template":"","meta":{"sfsi_plus_gutenberg_text_before_share":"","sfsi_plus_gutenberg_show_text_before_share":"","sfsi_plus_gutenberg_icon_type":"","sfsi_plus_gutenberg_icon_alignemt":"","sfsi_plus_gutenburg_max_per_row":""},"product_brand":[],"product_cat":[48,33],"product_tag":[247,250,248,249,251],"class_list":{"0":"post-284","1":"product","2":"type-product","3":"status-publish","4":"has-post-thumbnail","6":"product_cat-alimentacion","7":"product_cat-frutas-deshidratadas","8":"product_tag-pina","9":"product_tag-pina-deshidratada","10":"product_tag-pina-rodajas","11":"product_tag-pina-rodajas-sin-azucar","12":"product_tag-sin-azucar-anadido","14":"first","15":"instock","16":"taxable","17":"shipping-taxable","18":"purchasable","19":"product-type-simple"},"_links":{"self":[{"href":"https:\/\/www.latienducagranel.com\/index.php\/wp-json\/wp\/v2\/product\/284","targetHints":{"allow":["GET"]}}],"collection":[{"href":"https:\/\/www.latienducagranel.com\/index.php\/wp-json\/wp\/v2\/product"}],"about":[{"href":"https:\/\/www.latienducagranel.com\/index.php\/wp-json\/wp\/v2\/types\/product"}],"wp:featuredmedia":[{"embeddable":true,"href":"https:\/\/www.latienducagranel.com\/index.php\/wp-json\/wp\/v2\/media\/285"}],"wp:attachment":[{"href":"https:\/\/www.latienducagranel.com\/index.php\/wp-json\/wp\/v2\/media?parent=284"}],"wp:term":[{"taxonomy":"product_brand","embeddable":true,"href":"https:\/\/www.latienducagranel.com\/index.php\/wp-json\/wp\/v2\/product_brand?post=284"},{"taxonomy":"product_cat","embeddable":true,"href":"https:\/\/www.latienducagranel.com\/index.php\/wp-json\/wp\/v2\/product_cat?post=284"},{"taxonomy":"product_tag","embeddable":true,"href":"https:\/\/www.latienducagranel.com\/index.php\/wp-json\/wp\/v2\/product_tag?post=284"}],"curies":[{"name":"wp","href":"https:\/\/api.w.org\/{rel}","templated":true}]}}