{"id":280,"date":"2020-11-19T19:31:49","date_gmt":"2020-11-19T19:31:49","guid":{"rendered":"https:\/\/www.latienducagranel.com\/?post_type=product&#038;p=280"},"modified":"2026-01-24T12:58:18","modified_gmt":"2026-01-24T11:58:18","slug":"melon-sin-azucar","status":"publish","type":"product","link":"https:\/\/www.latienducagranel.com\/index.php\/producto\/melon-sin-azucar\/","title":{"rendered":"Mel\u00f3n sin az\u00facar"},"content":{"rendered":"<div class=\"col-main\">\n<div class=\"product-view wow bounceInUp animated animated\">\n<div class=\"product-essential\">\n<div class=\"row\">\n<form accept-charset=\"UTF-8\" action=\"\/carts\/add_item\" method=\"post\">\n<div class=\"product-shop col-lg- col-sm-7 col-xs-12\">\n<div class=\"short-description\">\n<p>El mel\u00f3n sin az\u00facar de La Tienduca son trozos de mel\u00f3n cantaloupe deshidratados sin az\u00facar a\u00f1adido. Es beneficioso para los huesos, los dientes, la producci\u00f3n de gl\u00f3bulos rojos y para el buen funcionamiento del sistema inmunol\u00f3gico.<\/p>\n<\/div>\n<\/div>\n<\/form>\n<\/div>\n<\/div>\n<\/div>\n<\/div>\n","protected":false},"excerpt":{"rendered":"<p>El mel\u00f3n sin az\u00facar de La Tienduca son trozos de mel\u00f3n cantaloupe deshidratados sin az\u00facar a\u00f1adido. Es beneficioso para los huesos, los dientes, la producci\u00f3n de gl\u00f3bulos rojos y para el buen funcionamiento del sistema inmunol\u00f3gico.<\/p>\n","protected":false},"featured_media":281,"template":"","meta":{"sfsi_plus_gutenberg_text_before_share":"","sfsi_plus_gutenberg_show_text_before_share":"","sfsi_plus_gutenberg_icon_type":"","sfsi_plus_gutenberg_icon_alignemt":"","sfsi_plus_gutenburg_max_per_row":""},"product_brand":[],"product_cat":[48,33],"product_tag":[257,256,255,251],"class_list":{"0":"post-280","1":"product","2":"type-product","3":"status-publish","4":"has-post-thumbnail","6":"product_cat-alimentacion","7":"product_cat-frutas-deshidratadas","8":"product_tag-melon","9":"product_tag-melon-deshidratado","10":"product_tag-melon-sin-azucar","11":"product_tag-sin-azucar-anadido","13":"first","14":"instock","15":"taxable","16":"shipping-taxable","17":"purchasable","18":"product-type-simple"},"_links":{"self":[{"href":"https:\/\/www.latienducagranel.com\/index.php\/wp-json\/wp\/v2\/product\/280","targetHints":{"allow":["GET"]}}],"collection":[{"href":"https:\/\/www.latienducagranel.com\/index.php\/wp-json\/wp\/v2\/product"}],"about":[{"href":"https:\/\/www.latienducagranel.com\/index.php\/wp-json\/wp\/v2\/types\/product"}],"wp:featuredmedia":[{"embeddable":true,"href":"https:\/\/www.latienducagranel.com\/index.php\/wp-json\/wp\/v2\/media\/281"}],"wp:attachment":[{"href":"https:\/\/www.latienducagranel.com\/index.php\/wp-json\/wp\/v2\/media?parent=280"}],"wp:term":[{"taxonomy":"product_brand","embeddable":true,"href":"https:\/\/www.latienducagranel.com\/index.php\/wp-json\/wp\/v2\/product_brand?post=280"},{"taxonomy":"product_cat","embeddable":true,"href":"https:\/\/www.latienducagranel.com\/index.php\/wp-json\/wp\/v2\/product_cat?post=280"},{"taxonomy":"product_tag","embeddable":true,"href":"https:\/\/www.latienducagranel.com\/index.php\/wp-json\/wp\/v2\/product_tag?post=280"}],"curies":[{"name":"wp","href":"https:\/\/api.w.org\/{rel}","templated":true}]}}