{"id":274,"date":"2020-11-19T19:26:53","date_gmt":"2020-11-19T19:26:53","guid":{"rendered":"https:\/\/www.latienducagranel.com\/?post_type=product&#038;p=274"},"modified":"2024-05-08T12:06:18","modified_gmt":"2024-05-08T11:06:18","slug":"jengibre-deshidratado-sin-azucar","status":"publish","type":"product","link":"https:\/\/www.latienducagranel.com\/index.php\/producto\/jengibre-deshidratado-sin-azucar\/","title":{"rendered":"Jengibre deshidratado sin az\u00facar"},"content":{"rendered":"<p>El jengibre deshidratado sin azucar es beneficioso para el aparato digestivo, ayuda a combatir el estr\u00e9s, tiene efectos anti inflamatorios, ayuda a mejorar las migra\u00f1as y, adem\u00e1s, cuenta con efectos antioxidantes para luchar contra el envejecimiento celular. Adem\u00e1s de en la cocina, el Jengibre tambi\u00e9n se utiliza para condimentar infusiones.<\/p>\n","protected":false},"excerpt":{"rendered":"<p>El jengibre deshidratado sin azucar es beneficioso para el aparato digestivo, ayuda a combatir el estr\u00e9s, tiene efectos anti inflamatorios, ayuda a mejorar las migra\u00f1as y, adem\u00e1s, cuenta con efectos antioxidantes para luchar contra el envejecimiento celular. Adem\u00e1s de en la cocina, el Jengibre tambi\u00e9n&nbsp;&#8230; [Leer m\u00e1s]<\/p>\n","protected":false},"featured_media":275,"template":"","meta":{"sfsi_plus_gutenberg_text_before_share":"","sfsi_plus_gutenberg_show_text_before_share":"","sfsi_plus_gutenberg_icon_type":"","sfsi_plus_gutenberg_icon_alignemt":"","sfsi_plus_gutenburg_max_per_row":""},"product_brand":[],"product_cat":[48,33],"product_tag":[267],"class_list":{"0":"post-274","1":"product","2":"type-product","3":"status-publish","4":"has-post-thumbnail","6":"product_cat-alimentacion","7":"product_cat-frutas-deshidratadas","8":"product_tag-jengibre-deshidratado-sin-azucar","10":"first","11":"instock","12":"taxable","13":"shipping-taxable","14":"purchasable","15":"product-type-simple"},"_links":{"self":[{"href":"https:\/\/www.latienducagranel.com\/index.php\/wp-json\/wp\/v2\/product\/274","targetHints":{"allow":["GET"]}}],"collection":[{"href":"https:\/\/www.latienducagranel.com\/index.php\/wp-json\/wp\/v2\/product"}],"about":[{"href":"https:\/\/www.latienducagranel.com\/index.php\/wp-json\/wp\/v2\/types\/product"}],"wp:featuredmedia":[{"embeddable":true,"href":"https:\/\/www.latienducagranel.com\/index.php\/wp-json\/wp\/v2\/media\/275"}],"wp:attachment":[{"href":"https:\/\/www.latienducagranel.com\/index.php\/wp-json\/wp\/v2\/media?parent=274"}],"wp:term":[{"taxonomy":"product_brand","embeddable":true,"href":"https:\/\/www.latienducagranel.com\/index.php\/wp-json\/wp\/v2\/product_brand?post=274"},{"taxonomy":"product_cat","embeddable":true,"href":"https:\/\/www.latienducagranel.com\/index.php\/wp-json\/wp\/v2\/product_cat?post=274"},{"taxonomy":"product_tag","embeddable":true,"href":"https:\/\/www.latienducagranel.com\/index.php\/wp-json\/wp\/v2\/product_tag?post=274"}],"curies":[{"name":"wp","href":"https:\/\/api.w.org\/{rel}","templated":true}]}}