{"id":2627,"date":"2024-02-06T13:32:56","date_gmt":"2024-02-06T12:32:56","guid":{"rendered":"https:\/\/www.latienducagranel.com\/?post_type=product&#038;p=2627"},"modified":"2024-02-21T19:43:06","modified_gmt":"2024-02-21T18:43:06","slug":"tajin","status":"publish","type":"product","link":"https:\/\/www.latienducagranel.com\/index.php\/producto\/tajin\/","title":{"rendered":"Taj\u00edn"},"content":{"rendered":"<p>Sazonador especial para el taj\u00edn, un plato tradicional de los pa\u00edses del norte de \u00c1frica (Marruecos, T\u00fanez y Argelia).<\/p>\n<p>El taj\u00edn (tambi\u00e9n llamado tajine o tay\u00edn) es un plato que toma su nombre del recipiente en el que se cocina y se sirve, que es una cazuelita de barro con una tapa c\u00f3nica en forma de chimenea. Por tanto, hay infinidad de recetas diferentes de taj\u00edn. Lo que tienen en com\u00fan todas ellas es que se cocinan a fuego lento primero como sofrito en la cazuelita y, tras a\u00f1adir el agua ali\u00f1ada, como un estofado de lenta cocci\u00f3n. El plato de taj\u00edn m\u00e1s popular es de pollo, pero tambi\u00e9n se hace taj\u00edn de cordero, de buey, de cabrito o s\u00f3lo de verduras.<\/p>\n<p>Ingredientes: Sal fina, ajo en polvo, cebolla en polvo, c\u00farcuma molida, cilantro molido, jengibre en polvo, canela molida, sazonador de pimienta negra molida y comino molido.<\/p>\n<p>&nbsp;<\/p>\n","protected":false},"excerpt":{"rendered":"<p>Sazonador especial para el taj\u00edn, un plato tradicional de los pa\u00edses del norte de \u00c1frica (Marruecos, T\u00fanez y Argelia). El taj\u00edn (tambi\u00e9n llamado tajine o tay\u00edn) es un plato que toma su nombre del recipiente en el que se cocina y se sirve, que es&nbsp;&#8230; [Leer m\u00e1s]<\/p>\n","protected":false},"featured_media":2628,"template":"","meta":{"sfsi_plus_gutenberg_text_before_share":"","sfsi_plus_gutenberg_show_text_before_share":"","sfsi_plus_gutenberg_icon_type":"","sfsi_plus_gutenberg_icon_alignemt":"","sfsi_plus_gutenburg_max_per_row":""},"product_brand":[],"product_cat":[48,20],"product_tag":[1327,1326],"class_list":{"0":"post-2627","1":"product","2":"type-product","3":"status-publish","4":"has-post-thumbnail","6":"product_cat-alimentacion","7":"product_cat-hierbas-especias-y-condimentos","8":"product_tag-sazonador-para-tajin","9":"product_tag-tajin","11":"first","12":"instock","13":"taxable","14":"shipping-taxable","15":"purchasable","16":"product-type-simple"},"_links":{"self":[{"href":"https:\/\/www.latienducagranel.com\/index.php\/wp-json\/wp\/v2\/product\/2627","targetHints":{"allow":["GET"]}}],"collection":[{"href":"https:\/\/www.latienducagranel.com\/index.php\/wp-json\/wp\/v2\/product"}],"about":[{"href":"https:\/\/www.latienducagranel.com\/index.php\/wp-json\/wp\/v2\/types\/product"}],"wp:featuredmedia":[{"embeddable":true,"href":"https:\/\/www.latienducagranel.com\/index.php\/wp-json\/wp\/v2\/media\/2628"}],"wp:attachment":[{"href":"https:\/\/www.latienducagranel.com\/index.php\/wp-json\/wp\/v2\/media?parent=2627"}],"wp:term":[{"taxonomy":"product_brand","embeddable":true,"href":"https:\/\/www.latienducagranel.com\/index.php\/wp-json\/wp\/v2\/product_brand?post=2627"},{"taxonomy":"product_cat","embeddable":true,"href":"https:\/\/www.latienducagranel.com\/index.php\/wp-json\/wp\/v2\/product_cat?post=2627"},{"taxonomy":"product_tag","embeddable":true,"href":"https:\/\/www.latienducagranel.com\/index.php\/wp-json\/wp\/v2\/product_tag?post=2627"}],"curies":[{"name":"wp","href":"https:\/\/api.w.org\/{rel}","templated":true}]}}