{"id":2417,"date":"2023-04-27T10:39:52","date_gmt":"2023-04-27T10:39:52","guid":{"rendered":"https:\/\/www.latienducagranel.com\/?post_type=product&#038;p=2417"},"modified":"2025-05-09T11:49:11","modified_gmt":"2025-05-09T10:49:11","slug":"te-de-roca","status":"publish","type":"product","link":"https:\/\/www.latienducagranel.com\/index.php\/producto\/te-de-roca\/","title":{"rendered":"T\u00e9 de roca"},"content":{"rendered":"<p>El t\u00e9 de roca o t\u00e9 de Arag\u00f3n es una infusi\u00f3n t\u00edpica aragonesa muestra una suave acci\u00f3n tonificante sobre el sistema nervioso. Tiene la ventaja de no tener el efecto excitante que se le atribuye al t\u00e9. Es un cl\u00e1sico remedio digestivo que sirve tanto para despertar el apetito como para combatir los empachos.<\/p>\n","protected":false},"excerpt":{"rendered":"<p>El t\u00e9 de roca o t\u00e9 de Arag\u00f3n es una infusi\u00f3n t\u00edpica aragonesa muestra una suave acci\u00f3n tonificante sobre el sistema nervioso. Tiene la ventaja de no tener el efecto excitante que se le atribuye al t\u00e9. Es un cl\u00e1sico remedio digestivo que sirve tanto&nbsp;&#8230; [Leer m\u00e1s]<\/p>\n","protected":false},"featured_media":2418,"template":"","meta":{"sfsi_plus_gutenberg_text_before_share":"","sfsi_plus_gutenberg_show_text_before_share":"","sfsi_plus_gutenberg_icon_type":"","sfsi_plus_gutenberg_icon_alignemt":"","sfsi_plus_gutenburg_max_per_row":""},"product_brand":[],"product_cat":[48,28],"product_tag":[1230,1229],"class_list":{"0":"post-2417","1":"product","2":"type-product","3":"status-publish","4":"has-post-thumbnail","6":"product_cat-alimentacion","7":"product_cat-tes-e-infusiones","8":"product_tag-te-de-aragon","9":"product_tag-te-de-roca","11":"first","12":"instock","13":"taxable","14":"shipping-taxable","15":"purchasable","16":"product-type-simple"},"_links":{"self":[{"href":"https:\/\/www.latienducagranel.com\/index.php\/wp-json\/wp\/v2\/product\/2417","targetHints":{"allow":["GET"]}}],"collection":[{"href":"https:\/\/www.latienducagranel.com\/index.php\/wp-json\/wp\/v2\/product"}],"about":[{"href":"https:\/\/www.latienducagranel.com\/index.php\/wp-json\/wp\/v2\/types\/product"}],"wp:featuredmedia":[{"embeddable":true,"href":"https:\/\/www.latienducagranel.com\/index.php\/wp-json\/wp\/v2\/media\/2418"}],"wp:attachment":[{"href":"https:\/\/www.latienducagranel.com\/index.php\/wp-json\/wp\/v2\/media?parent=2417"}],"wp:term":[{"taxonomy":"product_brand","embeddable":true,"href":"https:\/\/www.latienducagranel.com\/index.php\/wp-json\/wp\/v2\/product_brand?post=2417"},{"taxonomy":"product_cat","embeddable":true,"href":"https:\/\/www.latienducagranel.com\/index.php\/wp-json\/wp\/v2\/product_cat?post=2417"},{"taxonomy":"product_tag","embeddable":true,"href":"https:\/\/www.latienducagranel.com\/index.php\/wp-json\/wp\/v2\/product_tag?post=2417"}],"curies":[{"name":"wp","href":"https:\/\/api.w.org\/{rel}","templated":true}]}}