{"id":228,"date":"2020-11-19T17:43:17","date_gmt":"2020-11-19T17:43:17","guid":{"rendered":"https:\/\/www.latienducagranel.com\/?post_type=product&#038;p=228"},"modified":"2025-09-30T18:03:05","modified_gmt":"2025-09-30T17:03:05","slug":"vainilla-rama-eco","status":"publish","type":"product","link":"https:\/\/www.latienducagranel.com\/index.php\/producto\/vainilla-rama-eco\/","title":{"rendered":"Vainilla rama ECO"},"content":{"rendered":"<p>Vainilla rama eco con vainas de vainilla de cultivo ecol\u00f3gico. La vainilla se emplea principalmente como saborizante para diferentes bebidas como el chocolate, la helader\u00eda y la fabricaci\u00f3n de gaseosas.<\/p>\n<div class=\"rte\">\n<p>Es muy com\u00fan\u00a0el uso de la vainilla en casa y en la pasteler\u00eda para preparar natillas, dulces y otros postres.<\/p>\n<\/div>\n","protected":false},"excerpt":{"rendered":"<p>Vainilla rama eco con vainas de vainilla de cultivo ecol\u00f3gico. La vainilla se emplea principalmente como saborizante para diferentes bebidas como el chocolate, la helader\u00eda y la fabricaci\u00f3n de gaseosas. Es muy com\u00fan\u00a0el uso de la vainilla en casa y en la pasteler\u00eda para preparar&nbsp;&#8230; [Leer m\u00e1s]<\/p>\n","protected":false},"featured_media":229,"template":"","meta":{"sfsi_plus_gutenberg_text_before_share":"","sfsi_plus_gutenberg_show_text_before_share":"","sfsi_plus_gutenberg_icon_type":"","sfsi_plus_gutenberg_icon_alignemt":"","sfsi_plus_gutenburg_max_per_row":""},"product_brand":[],"product_cat":[48,55,20,50],"product_tag":[825,826,828,827],"class_list":{"0":"post-228","1":"product","2":"type-product","3":"status-publish","4":"has-post-thumbnail","6":"product_cat-alimentacion","7":"product_cat-alimentacion-ecolgica","8":"product_cat-hierbas-especias-y-condimentos","9":"product_cat-productos-ecologicos","10":"product_tag-vainilla","11":"product_tag-vainilla-eco","12":"product_tag-vainilla-rama","13":"product_tag-vainilla-rama-eco","15":"first","16":"instock","17":"taxable","18":"shipping-taxable","19":"purchasable","20":"product-type-simple"},"_links":{"self":[{"href":"https:\/\/www.latienducagranel.com\/index.php\/wp-json\/wp\/v2\/product\/228","targetHints":{"allow":["GET"]}}],"collection":[{"href":"https:\/\/www.latienducagranel.com\/index.php\/wp-json\/wp\/v2\/product"}],"about":[{"href":"https:\/\/www.latienducagranel.com\/index.php\/wp-json\/wp\/v2\/types\/product"}],"wp:featuredmedia":[{"embeddable":true,"href":"https:\/\/www.latienducagranel.com\/index.php\/wp-json\/wp\/v2\/media\/229"}],"wp:attachment":[{"href":"https:\/\/www.latienducagranel.com\/index.php\/wp-json\/wp\/v2\/media?parent=228"}],"wp:term":[{"taxonomy":"product_brand","embeddable":true,"href":"https:\/\/www.latienducagranel.com\/index.php\/wp-json\/wp\/v2\/product_brand?post=228"},{"taxonomy":"product_cat","embeddable":true,"href":"https:\/\/www.latienducagranel.com\/index.php\/wp-json\/wp\/v2\/product_cat?post=228"},{"taxonomy":"product_tag","embeddable":true,"href":"https:\/\/www.latienducagranel.com\/index.php\/wp-json\/wp\/v2\/product_tag?post=228"}],"curies":[{"name":"wp","href":"https:\/\/api.w.org\/{rel}","templated":true}]}}