{"id":226,"date":"2020-11-19T17:40:44","date_gmt":"2020-11-19T17:40:44","guid":{"rendered":"https:\/\/www.latienducagranel.com\/?post_type=product&#038;p=226"},"modified":"2025-11-06T18:56:50","modified_gmt":"2025-11-06T17:56:50","slug":"equinacea-raiz","status":"publish","type":"product","link":"https:\/\/www.latienducagranel.com\/index.php\/producto\/equinacea-raiz\/","title":{"rendered":"Equin\u00e1cea ra\u00edz"},"content":{"rendered":"<p>Equin\u00e1cea ra\u00edz: En esos d\u00edas en los que el fr\u00edo invernal empieza a hacer presencia y los cambios bruscos de temperatura ponen a prueba la capacidad de nuestro organismo para combatir gripe, catarros, resfriados, etc., ponemos a su alcance uno de los mejores antibi\u00f3ticos que nos proporciona la naturaleza, la ra\u00edz de la equin\u00e1cea.<\/p>\n","protected":false},"excerpt":{"rendered":"<p>Equin\u00e1cea ra\u00edz: En esos d\u00edas en los que el fr\u00edo invernal empieza a hacer presencia y los cambios bruscos de temperatura ponen a prueba la capacidad de nuestro organismo para combatir gripe, catarros, resfriados, etc., ponemos a su alcance uno de los mejores antibi\u00f3ticos que&nbsp;&#8230; [Leer m\u00e1s]<\/p>\n","protected":false},"featured_media":227,"template":"","meta":{"sfsi_plus_gutenberg_text_before_share":"","sfsi_plus_gutenberg_show_text_before_share":"","sfsi_plus_gutenberg_icon_type":"","sfsi_plus_gutenberg_icon_alignemt":"","sfsi_plus_gutenburg_max_per_row":""},"product_brand":[],"product_cat":[48,20],"product_tag":[952,953],"class_list":{"0":"post-226","1":"product","2":"type-product","3":"status-publish","4":"has-post-thumbnail","6":"product_cat-alimentacion","7":"product_cat-hierbas-especias-y-condimentos","8":"product_tag-equinacea","9":"product_tag-equinacea-raiz","11":"first","12":"instock","13":"taxable","14":"shipping-taxable","15":"purchasable","16":"product-type-simple"},"_links":{"self":[{"href":"https:\/\/www.latienducagranel.com\/index.php\/wp-json\/wp\/v2\/product\/226","targetHints":{"allow":["GET"]}}],"collection":[{"href":"https:\/\/www.latienducagranel.com\/index.php\/wp-json\/wp\/v2\/product"}],"about":[{"href":"https:\/\/www.latienducagranel.com\/index.php\/wp-json\/wp\/v2\/types\/product"}],"wp:featuredmedia":[{"embeddable":true,"href":"https:\/\/www.latienducagranel.com\/index.php\/wp-json\/wp\/v2\/media\/227"}],"wp:attachment":[{"href":"https:\/\/www.latienducagranel.com\/index.php\/wp-json\/wp\/v2\/media?parent=226"}],"wp:term":[{"taxonomy":"product_brand","embeddable":true,"href":"https:\/\/www.latienducagranel.com\/index.php\/wp-json\/wp\/v2\/product_brand?post=226"},{"taxonomy":"product_cat","embeddable":true,"href":"https:\/\/www.latienducagranel.com\/index.php\/wp-json\/wp\/v2\/product_cat?post=226"},{"taxonomy":"product_tag","embeddable":true,"href":"https:\/\/www.latienducagranel.com\/index.php\/wp-json\/wp\/v2\/product_tag?post=226"}],"curies":[{"name":"wp","href":"https:\/\/api.w.org\/{rel}","templated":true}]}}