{"id":2219,"date":"2022-12-01T10:37:16","date_gmt":"2022-12-01T10:37:16","guid":{"rendered":"https:\/\/www.latienducagranel.com\/?post_type=product&#038;p=2219"},"modified":"2026-03-17T19:24:28","modified_gmt":"2026-03-17T18:24:28","slug":"aceite-esencial-de-romero-eco","status":"publish","type":"product","link":"https:\/\/www.latienducagranel.com\/index.php\/producto\/aceite-esencial-de-romero-eco\/","title":{"rendered":"Aceite Esencial de romero ECO"},"content":{"rendered":"<h2>Aceite esencial de romero ECO (Rosmarinuss officinalis)<\/h2>\n<h3>DESCRIPCI\u00d3N<\/h3>\n<p>El aceite\u00a0<strong>esencial de Romero cineol<\/strong>\u00a0\u00a0se obtiene por arrastre de vapor de la\u00a0Rosmarinus officinalis, L. (F: Labiatae), cuyo h\u00e1bitat natural es la regi\u00f3n\u00a0mediterr\u00e1nea.<\/p>\n<p>Es un\u00a0arbusto, le\u00f1oso, perenne, muy ramificado, pudiendo llegar a los 2 metros de altura. Los tallos j\u00f3venes est\u00e1n cubiertos de y los a\u00f1osos de color rojizo.<\/p>\n<p>Hojas, peque\u00f1as y muy abundantes, presentadas en\u00a0 forma lineal. Son opuestas, s\u00e9siles, enteras y de un color verde oscuro, con env\u00e9s blanquecino, con cierta vellosidad. Su flore de unos 5 mm de largo, tienen la\u00a0corola\u00a0bilabiada de una sola pieza, Color\u00a0 azul violeta p\u00e1lido, rosa o blanco. Son flores axilares, muy arom\u00e1ticas y se localizan en la cima de las ramas. El\u00a0fruto, son cuatro n\u00faculas ovoides, aplanadas, color casta\u00f1o. Florece dos veces al a\u00f1o, en primavera y en oto\u00f1o.<\/p>\n<p><a href=\"http:\/\/herbarivirtual.uib.es\/es\/general\/526\/especie\/rosmarinus-officinalis-l-\" target=\"_blank\" rel=\"noopener\">M\u00c1S BOT\u00c1NICA<\/a><\/p>\n<p>El Romero es una\u00a0planta arom\u00e1tica\u00a0 usada en la cocina pero muy apreciada por su aceite esencial, con efecto analg\u00e9sico, antimicrobiano, antioxidante, antirreum\u00e1tico, antis\u00e9ptico, antiespasm\u00f3dico, afrodis\u00edaco, astringente, carminativo, cicatrizante, digestivo, diur\u00e9tico, fungicida, hep\u00e1tico, hipertensor, t\u00f3nico nervioso, parasiticida, reconstituyente, estomacal, sudor\u00edfico y t\u00f3nico. Indicado para tratamientos de varices y circulatorios, problemas y dolores musculares y de articulaciones, casos de eccema, dermatitis y acn\u00e9, cuadros de pelo graso y caspa, adem\u00e1s de ser repelente de insectos.<\/p>\n<p>&nbsp;<\/p>\n<h3>INFORMACI\u00d3N ORGANOLEPTICA<\/h3>\n<table class=\"table table-bordered table-striped\">\n<tbody>\n<tr>\n<td>Aspecto<\/td>\n<td>\u00a0L\u00edquido transparente<\/td>\n<\/tr>\n<tr>\n<td>Color<\/td>\n<td>\u00a0De incoloro a amaril lo p\u00e1lido<\/td>\n<\/tr>\n<tr>\n<td>Olor<\/td>\n<td>\u00a0Caracter\u00edstico, silvestre, cine\u00f3lico, m\u00e1s o menos alcanforado<\/td>\n<\/tr>\n<\/tbody>\n<\/table>\n<h3>COMPOSICION QUIMICA (Principios activos)<\/h3>\n<table class=\"table table-bordered table-striped\">\n<thead>\n<tr>\n<th>Componente<\/th>\n<th>NORMA<\/th>\n<\/tr>\n<\/thead>\n<tbody>\n<tr>\n<td>a-PINENE + a-THUYENE<\/td>\n<td>\u00a09 &#8211; 14<\/td>\n<\/tr>\n<tr>\n<td>CAMPHENE<\/td>\n<td>\u00a02,5 &#8211; 6<\/td>\n<\/tr>\n<tr>\n<td>b-PINENE<\/td>\n<td>\u00a04 &#8211; 9<\/td>\n<\/tr>\n<tr>\n<td>b-MYRCENE 1 &#8211; 3<\/td>\n<td>\u00a01 &#8211; 2<\/td>\n<\/tr>\n<tr>\n<td>LIMONENE<\/td>\n<td>\u00a01,5 &#8211; 4<\/td>\n<\/tr>\n<tr>\n<td>1-8- CINEOLE<\/td>\n<td>\u00a038 &#8211; 55<\/td>\n<\/tr>\n<tr>\n<td>p-CYMENE<\/td>\n<td>\u00a00,5 &#8211; 2,5<\/td>\n<\/tr>\n<tr>\n<td>CAMPHRE<\/td>\n<td>\u00a05 &#8211; 15<\/td>\n<\/tr>\n<tr>\n<td>ACETATE DE BORNYLE<\/td>\n<td>\u00a00,1 &#8211; 1,6<\/td>\n<\/tr>\n<tr>\n<td>BORNEOL<\/td>\n<td>\u00a01,0 &#8211; 6,0<\/td>\n<\/tr>\n<\/tbody>\n<\/table>\n<p>&nbsp;<\/p>\n<p><strong>PRECAUCIONES<\/strong><\/p>\n<p>Emplear siempre AE puros y 100%\u00a0 naturales.<\/p>\n<p>No dejar los envases al alcance de los ni\u00f1os.<\/p>\n<p>No aplicar nunca AE puros en ojos, nariz, o\u00eddos, zonas ano-genitales.<\/p>\n<p>No se recomienda su uso en ni\u00f1os menores de 2 a\u00f1os.<\/p>\n<p><strong>No se recomienda su uso ni durante el embarazo ni durante la lactancia<\/strong>\u00a0(a menos que sean prescritos por un profesional).<\/p>\n<p>Las personas al\u00e9rgicas deber\u00edan efectuar un test previo de tolerancia, aplicando una gota sobre la piel, para observar si se produce reacci\u00f3n cut\u00e1nea.<\/p>\n<p>En el empleo externo, diluirlos en los veh\u00edculos adecuados.<\/p>\n<p>Vigilar la exposici\u00f3n solar despu\u00e9s del empleo de AE, ya que pueden presentarse fen\u00f3menos de reacci\u00f3n con el sol, sobre todo con los c\u00edtricos (bergamota, lim\u00f3n, lima, naranja).<\/p>\n<p>En las fichas de producto y en las etiquetas de los aceites esenciales, encontrar\u00e1s especificadas aquellas sustancias naturales que la Uni\u00f3n Europea, ha identificado como sustancias posiblemente al\u00e9rgenas, (podr\u00e1s identificarlos como \u201cContiene: nombre de la sustancia\u201d).<\/p>\n<p>En caso de\u00a0<strong>sensaci\u00f3n de ardor<\/strong>: no usar agua para enjuagar, sino aceite vegetal para diluir. Si es necesario, consulta a un m\u00e9dico.<\/p>\n<p><strong>No utilizar aceites esenciales cerca de una llama<\/strong>\u00a0o fuente de calor.<\/p>\n<p>Las personas con\u00a0<strong>patolog\u00edas neurol\u00f3gicas o coronarias deber\u00e1n limitar su uso<\/strong>.<\/p>\n<p>&nbsp;<\/p>\n","protected":false},"excerpt":{"rendered":"<h2>Romero Aceite Esencial BIO (Rosmarinuss officinalis)<\/h2>\n<p><b>FAMILIA<\/b>: Labiadas<\/p>\n<p>PARTE <b>UTILIZADA<\/b>: Hojas y sumidades floridas<\/p>\n<p><b>OBTENCI\u00d3N<\/b>: Destilaci\u00f3n<\/p>\n<p><b>COMPOSICI\u00d3N<\/b>: Borneol, cineol, alcanfor o borneona.<\/p>\n<p><b>PROPIEDADES<\/b><\/p>\n<ul>\n<li>Digestivo: Estimula las secreciones. Hep\u00e1tico<\/li>\n<li>Nervioso: Estimulante. Tonificante .<\/li>\n<li>A. Locomotor: Rubefaciente.<\/li>\n<\/ul>\n<p><b>INDICACIONES<\/b><\/p>\n<ul>\n<li>Digestivo: Problemas hep\u00e1ticos<\/li>\n<li>Locomotor: Reumatismos, contracturas musculares, artrosis<\/li>\n<li>Nervioso: Astenia nerviosa o f\u00edsica<\/li>\n<\/ul>\n<p><b>MODO DE EMPLEO<\/b><\/p>\n<p>A\u00f1adir\u00a0 20 gotas a\u00a0 60 ml\u00a0 de aceite vegetal para aplicar\u00a0 sobre la piel<\/p>\n<p>Colocar 3-5 gotas en difusor\u00a0 o quemador<\/p>\n<p><b>INGREDIENTES<\/b><\/p>\n<p>INCI: Rosmarinuss officinalis oil** Contiene de forma natural: limonene,Linalool,Citral, Geraniol,Citronellol,Eugenol<\/p>\n<p><strong>100%\u00a0 BIO <\/strong><\/p>\n<p><strong>100% Natural y Vegana<\/strong><\/p>\n<p><strong>0% T\u00f3xicos<\/strong><\/p>\n<p><strong>No OGM<\/strong><\/p>\n<p><strong>Envase de VIDRIO\u00a0 10ml.<\/strong><\/p>\n<p><strong><a href=\"https:\/\/rinconsilvestre.net\/ques-son-los-aceites-esenciales\/\">\u00bfQu\u00e9 son los Aceites Esenciales?<\/a><\/strong><\/p>\n","protected":false},"featured_media":2249,"template":"","meta":{"sfsi_plus_gutenberg_text_before_share":"","sfsi_plus_gutenberg_show_text_before_share":"","sfsi_plus_gutenberg_icon_type":"","sfsi_plus_gutenberg_icon_alignemt":"","sfsi_plus_gutenburg_max_per_row":""},"product_brand":[],"product_cat":[1179,54,50],"product_tag":[1187,1180],"class_list":{"0":"post-2219","1":"product","2":"type-product","3":"status-publish","4":"has-post-thumbnail","6":"product_cat-aceites-esenciales-y-vegetales","7":"product_cat-rincon-silvestre","8":"product_cat-productos-ecologicos","9":"product_tag-aceite-esencial-bio","10":"product_tag-aceite-esencial-ecologico","12":"first","13":"instock","14":"taxable","15":"shipping-taxable","16":"purchasable","17":"product-type-simple"},"_links":{"self":[{"href":"https:\/\/www.latienducagranel.com\/index.php\/wp-json\/wp\/v2\/product\/2219","targetHints":{"allow":["GET"]}}],"collection":[{"href":"https:\/\/www.latienducagranel.com\/index.php\/wp-json\/wp\/v2\/product"}],"about":[{"href":"https:\/\/www.latienducagranel.com\/index.php\/wp-json\/wp\/v2\/types\/product"}],"wp:featuredmedia":[{"embeddable":true,"href":"https:\/\/www.latienducagranel.com\/index.php\/wp-json\/wp\/v2\/media\/2249"}],"wp:attachment":[{"href":"https:\/\/www.latienducagranel.com\/index.php\/wp-json\/wp\/v2\/media?parent=2219"}],"wp:term":[{"taxonomy":"product_brand","embeddable":true,"href":"https:\/\/www.latienducagranel.com\/index.php\/wp-json\/wp\/v2\/product_brand?post=2219"},{"taxonomy":"product_cat","embeddable":true,"href":"https:\/\/www.latienducagranel.com\/index.php\/wp-json\/wp\/v2\/product_cat?post=2219"},{"taxonomy":"product_tag","embeddable":true,"href":"https:\/\/www.latienducagranel.com\/index.php\/wp-json\/wp\/v2\/product_tag?post=2219"}],"curies":[{"name":"wp","href":"https:\/\/api.w.org\/{rel}","templated":true}]}}