{"id":2213,"date":"2022-12-01T10:37:15","date_gmt":"2022-12-01T10:37:15","guid":{"rendered":"https:\/\/www.latienducagranel.com\/?post_type=product&#038;p=2213"},"modified":"2026-03-17T19:18:58","modified_gmt":"2026-03-17T18:18:58","slug":"aceite-esencial-de-mandarina-eco","status":"publish","type":"product","link":"https:\/\/www.latienducagranel.com\/index.php\/producto\/aceite-esencial-de-mandarina-eco\/","title":{"rendered":"Aceite esencial de mandarina ECO"},"content":{"rendered":"<h2>Aceite esencial de mandarina ECO( Citrus reticulata)<\/h2>\n<h3>DESCRIPCI\u00d3N<\/h3>\n<p>El\u00a0<strong>aceite esencial de Mandarina\u00a0<\/strong>se obtiene por la t\u00e9cnica de presi\u00f3n en frio de la cascara de\u00a0Citrus Reticulata\u200b\u00a0, que es el fruto del \u00e1rbol\u00a0mandarino.<\/p>\n<p>La mandarina como el naranjo\u00a0es originaria de India, Vietnam o el sureste de China, aunque en la actualidad, destinadas a la producci\u00f3n comercial, se cultiva en naranjales repartidos por todo el mundo, aunque los tres mayores productores son Brasil, Estados Unidos y M\u00e9xico. En Espa\u00f1a se cultiva sobre todo en el sur de Catalu\u00f1a, Comunidad Valenciana, Andaluc\u00eda, Extremadura y en la Regi\u00f3n de Murcia donde se suelen cultivar en regad\u00edo<\/p>\n<p>Es un arbol perenne\u00a0que alcanza una altura de 7-8 m, espinas axilares y agudas. Hojas de 50-115 x 30-55 mm, el\u00edpticas, color verde oscuro brillante y olorosas, con pec\u00edolo alado, alas obovadas. Flores bisexuales, en cimas axilares, blancas y muy fragantes, llamadas azahar.\u00a0P\u00e9talos carnosos y glandulares. Estambres 20-24. Fruto globoso, de 7 x 7,5 cm, aplanados en la base y el \u00e1pice; C\u00e1scara cuando est\u00e1 madura, glandular y \u00e1spera. Eje hueco. Pulpa amargo-\u00e1cida.<\/p>\n<p><a href=\"https:\/\/jardinbotanicoffybb.jimdofree.com\/clasificaci%C3%B3n-por-nombre-cient%C3%ADfico\/citrus-reticulata\/\" target=\"_blank\" rel=\"noopener\">M\u00c1S BOT\u00c1NICA<\/a><\/p>\n<p>Entre sus propiedades destaca por ser un buen \u00a0agente de desinfecci\u00f3n atmosf\u00e9rica, relajante y sensaci\u00f3n de bienestar, t\u00f3nico digestivo y pieles grasas<\/p>\n<h3>INFORMACI\u00d3N ORGANOLEPTICA<\/h3>\n<table class=\"table table-bordered table-striped\">\n<tbody>\n<tr>\n<td>Aspecto<\/td>\n<td>\u00a0Liquido transparente<\/td>\n<\/tr>\n<tr>\n<td>Color<\/td>\n<td>\u00a0De amarillo a naranja o naranja oscuro<\/td>\n<\/tr>\n<tr>\n<td>Olor<\/td>\n<td>\u00a0Caracter\u00edstico, c\u00edtrico, fresco, intenso<\/td>\n<\/tr>\n<\/tbody>\n<\/table>\n<p>&nbsp;<\/p>\n<h3>COMPOSICION QUIMICA (Principios activos)<\/h3>\n<table class=\"table table-bordered table-striped\">\n<thead>\n<tr>\n<th>Componente<\/th>\n<th>NORMA<\/th>\n<\/tr>\n<\/thead>\n<tbody>\n<tr>\n<td>a-PINENE<\/td>\n<td>\u00a02 &#8211; 3<\/td>\n<\/tr>\n<tr>\n<td>b-PINENE<\/td>\n<td>\u00a01,5 &#8211; 2<\/td>\n<\/tr>\n<tr>\n<td>b-MYRCENE<\/td>\n<td>\u00a01,5 &#8211; 2<\/td>\n<\/tr>\n<tr>\n<td>LIMONENE<\/td>\n<td>\u00a065 &#8211; 75<\/td>\n<\/tr>\n<tr>\n<td>g-TERPINENE<\/td>\n<td>\u00a016 &#8211; 22<\/td>\n<\/tr>\n<tr>\n<td>a-SINENSAL<\/td>\n<td>\u00a00,1 &#8211; 0,5<\/td>\n<\/tr>\n<\/tbody>\n<\/table>\n<p>&nbsp;<\/p>\n<p style=\"margin: 0cm 0cm 7.5pt 0cm;\"><strong><span style=\"font-size: 10.0pt; font-family: 'Arial','sans-serif'; color: #545454;\">PRECAUCIONES<\/span><\/strong><\/p>\n<p style=\"box-sizing: border-box; font-variant-ligatures: normal; font-variant-caps: normal; orphans: 2; text-align: start; widows: 2; -webkit-text-stroke-width: 0px; text-decoration-thickness: initial; text-decoration-style: initial; text-decoration-color: initial; word-spacing: 0px; margin: 0cm 0cm 7.5pt 0cm;\"><span style=\"font-size: 10.0pt; font-family: 'Arial','sans-serif'; color: #545454;\">Emplear siempre AE puros y 100%\u00a0 naturales.<\/span><\/p>\n<p style=\"box-sizing: border-box; font-variant-ligatures: normal; font-variant-caps: normal; orphans: 2; text-align: start; widows: 2; -webkit-text-stroke-width: 0px; text-decoration-thickness: initial; text-decoration-style: initial; text-decoration-color: initial; word-spacing: 0px; margin: 0cm 0cm 7.5pt 0cm;\"><span style=\"font-size: 10.0pt; font-family: 'Arial','sans-serif'; color: #545454;\">No dejar los envases al alcance de los ni\u00f1os.<\/span><\/p>\n<p style=\"box-sizing: border-box; font-variant-ligatures: normal; font-variant-caps: normal; orphans: 2; text-align: start; widows: 2; -webkit-text-stroke-width: 0px; text-decoration-thickness: initial; text-decoration-style: initial; text-decoration-color: initial; word-spacing: 0px; margin: 0cm 0cm 7.5pt 0cm;\"><span style=\"font-size: 10.0pt; font-family: 'Arial','sans-serif'; color: #545454;\">No aplicar nunca AE puros en ojos, nariz, o\u00eddos, zonas ano-genitales.<\/span><\/p>\n<p style=\"box-sizing: border-box; font-variant-ligatures: normal; font-variant-caps: normal; orphans: 2; text-align: start; widows: 2; -webkit-text-stroke-width: 0px; text-decoration-thickness: initial; text-decoration-style: initial; text-decoration-color: initial; word-spacing: 0px; margin: 0cm 0cm 7.5pt 0cm;\"><span style=\"font-size: 10.0pt; font-family: 'Arial','sans-serif'; color: #545454;\">No se recomienda su uso en ni\u00f1os menores de 2 a\u00f1os.<\/span><\/p>\n<p style=\"box-sizing: border-box; font-variant-ligatures: normal; font-variant-caps: normal; orphans: 2; text-align: start; widows: 2; -webkit-text-stroke-width: 0px; text-decoration-thickness: initial; text-decoration-style: initial; text-decoration-color: initial; word-spacing: 0px; margin: 0cm 0cm 7.5pt 0cm;\"><strong style=\"box-sizing: border-box;\"><span style=\"font-size: 10.0pt; font-family: 'Arial','sans-serif'; color: #545454;\">No se recomienda su uso ni durante el embarazo ni durante la lactancia<\/span><\/strong><span style=\"font-size: 10.0pt; font-family: 'Arial','sans-serif'; color: #545454;\">\u00a0(a menos que sean prescritos por un profesional).<\/span><\/p>\n<p style=\"box-sizing: border-box; font-variant-ligatures: normal; font-variant-caps: normal; orphans: 2; text-align: start; widows: 2; -webkit-text-stroke-width: 0px; text-decoration-thickness: initial; text-decoration-style: initial; text-decoration-color: initial; word-spacing: 0px; margin: 0cm 0cm 7.5pt 0cm;\"><span style=\"font-size: 10.0pt; font-family: 'Arial','sans-serif'; color: #545454;\">Las personas al\u00e9rgicas deber\u00edan efectuar un test previo de tolerancia, aplicando una gota sobre la piel, para observar si se produce reacci\u00f3n cut\u00e1nea.<\/span><\/p>\n<p style=\"box-sizing: border-box; font-variant-ligatures: normal; font-variant-caps: normal; orphans: 2; text-align: start; widows: 2; -webkit-text-stroke-width: 0px; text-decoration-thickness: initial; text-decoration-style: initial; text-decoration-color: initial; word-spacing: 0px; margin: 0cm 0cm 7.5pt 0cm;\"><span style=\"font-size: 10.0pt; font-family: 'Arial','sans-serif'; color: #545454;\">En el empleo externo, diluirlos en los veh\u00edculos adecuados.<\/span><\/p>\n<p style=\"box-sizing: border-box; font-variant-ligatures: normal; font-variant-caps: normal; orphans: 2; text-align: start; widows: 2; -webkit-text-stroke-width: 0px; text-decoration-thickness: initial; text-decoration-style: initial; text-decoration-color: initial; word-spacing: 0px; margin: 0cm 0cm 7.5pt 0cm;\"><span style=\"font-size: 10.0pt; font-family: 'Arial','sans-serif'; color: #545454;\">Vigilar la exposici\u00f3n solar despu\u00e9s del empleo de AE, ya que pueden presentarse fen\u00f3menos de reacci\u00f3n con el sol, sobre todo con los c\u00edtricos (bergamota, lim\u00f3n, lima, naranja).<\/span><\/p>\n<p style=\"box-sizing: border-box; font-variant-ligatures: normal; font-variant-caps: normal; orphans: 2; text-align: start; widows: 2; -webkit-text-stroke-width: 0px; text-decoration-thickness: initial; text-decoration-style: initial; text-decoration-color: initial; word-spacing: 0px; margin: 0cm 0cm 7.5pt 0cm;\"><span style=\"font-size: 10.0pt; font-family: 'Arial','sans-serif'; color: #545454;\">En las fichas de producto y en las etiquetas de los aceites esenciales de , encontrar\u00e1s especificadas aquellas sustancias naturales que la Uni\u00f3n Europea, ha identificado como sustancias posiblemente al\u00e9rgenas, (podr\u00e1s identificarlos como \u201cContiene: nombre de la sustancia\u201d).<\/span><\/p>\n<p style=\"box-sizing: border-box; font-variant-ligatures: normal; font-variant-caps: normal; orphans: 2; text-align: start; widows: 2; -webkit-text-stroke-width: 0px; text-decoration-thickness: initial; text-decoration-style: initial; text-decoration-color: initial; word-spacing: 0px; margin: 0cm 0cm 7.5pt 0cm;\"><span style=\"font-size: 10.0pt; font-family: 'Arial','sans-serif'; color: #545454;\">En caso de\u00a0<strong style=\"box-sizing: border-box;\"><span style=\"font-family: 'Arial','sans-serif';\">sensaci\u00f3n de ardor<\/span><\/strong>: no usar agua para enjuagar, sino aceite vegetal para diluir. Si es necesario, consulta a un m\u00e9dico.<\/span><\/p>\n<p style=\"box-sizing: border-box; font-variant-ligatures: normal; font-variant-caps: normal; orphans: 2; text-align: start; widows: 2; -webkit-text-stroke-width: 0px; text-decoration-thickness: initial; text-decoration-style: initial; text-decoration-color: initial; word-spacing: 0px; margin: 0cm 0cm 7.5pt 0cm;\"><strong style=\"box-sizing: border-box;\"><span style=\"font-size: 10.0pt; font-family: 'Arial','sans-serif'; color: #545454;\">No utilizar aceites esenciales cerca de una llama<\/span><\/strong><span style=\"font-size: 10.0pt; font-family: 'Arial','sans-serif'; color: #545454;\">\u00a0o fuente de calor.<\/span><\/p>\n<p style=\"box-sizing: border-box; font-variant-ligatures: normal; font-variant-caps: normal; orphans: 2; text-align: start; widows: 2; -webkit-text-stroke-width: 0px; text-decoration-thickness: initial; text-decoration-style: initial; text-decoration-color: initial; word-spacing: 0px; margin: 0cm 0cm 7.5pt 0cm;\"><span style=\"font-size: 10.0pt; font-family: 'Arial','sans-serif'; color: #545454;\">Las personas con\u00a0<strong style=\"box-sizing: border-box;\"><span style=\"font-family: 'Arial','sans-serif';\">patolog\u00edas neurol\u00f3gicas o coronarias deber\u00e1n limitar su uso<\/span><\/strong>.<\/span><\/p>\n","protected":false},"excerpt":{"rendered":"<h2>Mandarina Aceite Esencial Bio( Citrus reticulata)<\/h2>\n<p><b>FAMILIA<\/b>: Rut\u00e1ceas<\/p>\n<p><b>PARTE UTILIZADA: <\/b>Corteza del fruto<\/p>\n<p><b>OBTENCI\u00d3N<\/b><b>: <\/b>Expresi\u00f3n.<\/p>\n<p><b>COMPOSICI\u00d3N: <\/b>Nerol, citral, limoneno.<\/p>\n<p><b>PROPIEDADES<\/b><\/p>\n<ul>\n<li>Piel: Regenerante<\/li>\n<li>Nervioso: Relajante<\/li>\n<\/ul>\n<p>&nbsp;<\/p>\n<p><b>INDICACIONES<\/b><\/p>\n<ul>\n<li>Piel: cicatrizante.<\/li>\n<li>S. Nervioso: Mejora stress, ansiedad e insomnio<\/li>\n<\/ul>\n<p><b>MODO DE EMPLEO<\/b><\/p>\n<p>A\u00f1adir\u00a0 20 gotas a\u00a0 60 ml\u00a0 de aceite vegetal para aplicar\u00a0 sobre la piel<\/p>\n<p>Colocar 3-5 gotas en difusor\u00a0 o quemador<\/p>\n<p><b>NO EXPONERSE AL SOL TRAS SU APLICACI\u00d3N<\/b><\/p>\n<p><b>INGREDIENTES <\/b><\/p>\n<p>INCI: Citrus\u00a0 reticulata**<\/p>\n<p>Contiene de forma natural: Limoneno, Linalool, Citral, Citronellol, Geraniol.<\/p>\n<p><strong>100%\u00a0 BIO <\/strong><\/p>\n<p><strong>100% Natural y Vegana<\/strong><\/p>\n<p><strong>0% T\u00f3xicos<\/strong><\/p>\n<p><strong>No OGM<\/strong><\/p>\n<p><strong>Envase de VIDRIO\u00a0 10ml.<\/strong><\/p>\n<p><strong><a href=\"https:\/\/rinconsilvestre.net\/ques-son-los-aceites-esenciales\/\">\u00bfQu\u00e9 son los Aceites Esenciales?<\/a><\/strong><\/p>\n","protected":false},"featured_media":2243,"template":"","meta":{"sfsi_plus_gutenberg_text_before_share":"","sfsi_plus_gutenberg_show_text_before_share":"","sfsi_plus_gutenberg_icon_type":"","sfsi_plus_gutenberg_icon_alignemt":"","sfsi_plus_gutenburg_max_per_row":""},"product_brand":[],"product_cat":[1179,54,50],"product_tag":[],"class_list":{"0":"post-2213","1":"product","2":"type-product","3":"status-publish","4":"has-post-thumbnail","6":"product_cat-aceites-esenciales-y-vegetales","7":"product_cat-rincon-silvestre","8":"product_cat-productos-ecologicos","10":"first","11":"instock","12":"taxable","13":"shipping-taxable","14":"purchasable","15":"product-type-simple"},"_links":{"self":[{"href":"https:\/\/www.latienducagranel.com\/index.php\/wp-json\/wp\/v2\/product\/2213","targetHints":{"allow":["GET"]}}],"collection":[{"href":"https:\/\/www.latienducagranel.com\/index.php\/wp-json\/wp\/v2\/product"}],"about":[{"href":"https:\/\/www.latienducagranel.com\/index.php\/wp-json\/wp\/v2\/types\/product"}],"wp:featuredmedia":[{"embeddable":true,"href":"https:\/\/www.latienducagranel.com\/index.php\/wp-json\/wp\/v2\/media\/2243"}],"wp:attachment":[{"href":"https:\/\/www.latienducagranel.com\/index.php\/wp-json\/wp\/v2\/media?parent=2213"}],"wp:term":[{"taxonomy":"product_brand","embeddable":true,"href":"https:\/\/www.latienducagranel.com\/index.php\/wp-json\/wp\/v2\/product_brand?post=2213"},{"taxonomy":"product_cat","embeddable":true,"href":"https:\/\/www.latienducagranel.com\/index.php\/wp-json\/wp\/v2\/product_cat?post=2213"},{"taxonomy":"product_tag","embeddable":true,"href":"https:\/\/www.latienducagranel.com\/index.php\/wp-json\/wp\/v2\/product_tag?post=2213"}],"curies":[{"name":"wp","href":"https:\/\/api.w.org\/{rel}","templated":true}]}}