{"id":2210,"date":"2022-12-01T10:37:15","date_gmt":"2022-12-01T10:37:15","guid":{"rendered":"https:\/\/www.latienducagranel.com\/?post_type=product&#038;p=2210"},"modified":"2026-03-17T19:45:30","modified_gmt":"2026-03-17T18:45:30","slug":"aceite-esencial-de-hinojo-eco","status":"publish","type":"product","link":"https:\/\/www.latienducagranel.com\/index.php\/producto\/aceite-esencial-de-hinojo-eco\/","title":{"rendered":"Aceite esencial de hinojo ECO"},"content":{"rendered":"<h2>Aceite esencial de hinojo ECO (Foeniculum vulgare)<\/h2>\n<h3>DESCRIPCI\u00d3N<\/h3>\n<p>El aceite esencial de Hinojo Dulce se obtiene por arrastre de vapor de la planta Foeniculum vulgare.<br \/>\nEsta planta crece de forma silvestre en numerosas zonas c\u00e1lidas del planeta, aunque es nativa de la zona de Europa Meridional y en especial de la cuenca mediterr\u00e1nea.<\/p>\n<p>Es una planta es herb\u00e1cea que puede llegar a los 2 m de altura. Las hojas son alargadas y de color verde, que acaban en segmentos con forma de aguja.<br \/>\nLa flor es una umbela de ped\u00fanculos largos y las flores est\u00e1n organizadas en umbelulas de florecillas amarillas.<\/p>\n<p>Toda la parte a\u00e9rea de esta planta tiene un olor anisado y sabor picante caracter\u00edsticos, pero m\u00e1s acentuados en los frutos.<\/p>\n<p>Tradicionalmente los frutos se han usado como condimento y aromatizante de alimentos.<br \/>\nIgualmente se usa en infusiones, y poseen propiedades carminativas, galactagogas, estomacales y expectorantes.<\/p>\n<p>Adem\u00e1s su aceite esencial es utilizado en licorer\u00eda (anetol) y perfumer\u00eda.<\/p>\n<p><a href=\"http:\/\/herbarivirtual.uib.es\/es\/general\/1076\/especie\/foeniculum-vulgare-mill-\" target=\"_blank\" rel=\"noopener\">M\u00c1S BOT\u00c1NICA<\/a><\/p>\n<h3>INFORMACI\u00d3N ORGANOLEPTICA<\/h3>\n<table class=\"table table-bordered table-striped\">\n<tbody>\n<tr>\n<td>Aspecto<\/td>\n<td>\u00a0Liquido transparente<\/td>\n<\/tr>\n<tr>\n<td>Color<\/td>\n<td>\u00a0Desde incoloro a amarillo p\u00e1lido<\/td>\n<\/tr>\n<tr>\n<td>Olor<\/td>\n<td>\u00a0Caracter\u00edstico, silvestre, nota especiada y anisado<\/td>\n<\/tr>\n<\/tbody>\n<\/table>\n<h3><\/h3>\n<h3>COMPOSICION QUIMICA (Principios activos)<\/h3>\n<table class=\"table table-bordered table-striped\">\n<thead>\n<tr>\n<th>Componente<\/th>\n<th>NORMA<\/th>\n<\/tr>\n<\/thead>\n<tbody>\n<tr>\n<td>a-PINENO<\/td>\n<td>\u00a01 &#8211; 8<\/td>\n<\/tr>\n<tr>\n<td>b-PINENO<\/td>\n<td>\u00a00 &#8211; 1<\/td>\n<\/tr>\n<tr>\n<td>a-FELANDRENO<\/td>\n<td>\u00a00.2 &#8211; 5<\/td>\n<\/tr>\n<tr>\n<td>LIMONENO<\/td>\n<td>\u00a01 &#8211; 8<\/td>\n<\/tr>\n<tr>\n<td>FENCHONA<\/td>\n<td>\u00a08 &#8211; 20<\/td>\n<\/tr>\n<tr>\n<td>ESTRAGOL<\/td>\n<td>\u00a02 &#8211; 6<\/td>\n<\/tr>\n<tr>\n<td>Cis-ANETOL<\/td>\n<td>\u00a00 &#8211; 0.5<\/td>\n<\/tr>\n<tr>\n<td>Trans-ANETOL<\/td>\n<td>\u00a060 &#8211; 80<\/td>\n<\/tr>\n<tr>\n<td>ANISALDEHIDO<\/td>\n<td>\u00a00 &#8211; 2<\/td>\n<\/tr>\n<tr>\n<td><\/td>\n<td><\/td>\n<\/tr>\n<\/tbody>\n<\/table>\n<p>&nbsp;<\/p>\n<h1 style=\"margin: 0cm 0cm 7.5pt 0cm;\"><strong><span style=\"font-size: 10.0pt; font-family: 'Arial','sans-serif'; color: #545454;\">PRECAUCIONES<\/span><\/strong><\/h1>\n<p style=\"box-sizing: border-box; font-variant-ligatures: normal; font-variant-caps: normal; orphans: 2; text-align: start; widows: 2; -webkit-text-stroke-width: 0px; text-decoration-thickness: initial; text-decoration-style: initial; text-decoration-color: initial; word-spacing: 0px; margin: 0cm 0cm 7.5pt 0cm;\"><span style=\"font-size: 10.0pt; font-family: 'Arial','sans-serif'; color: #545454;\">Emplear siempre AE puros y 100%\u00a0 naturales.<\/span><\/p>\n<p style=\"box-sizing: border-box; font-variant-ligatures: normal; font-variant-caps: normal; orphans: 2; text-align: start; widows: 2; -webkit-text-stroke-width: 0px; text-decoration-thickness: initial; text-decoration-style: initial; text-decoration-color: initial; word-spacing: 0px; margin: 0cm 0cm 7.5pt 0cm;\"><span style=\"font-size: 10.0pt; font-family: 'Arial','sans-serif'; color: #545454;\">No dejar los envases al alcance de los ni\u00f1os.<\/span><\/p>\n<p style=\"box-sizing: border-box; font-variant-ligatures: normal; font-variant-caps: normal; orphans: 2; text-align: start; widows: 2; -webkit-text-stroke-width: 0px; text-decoration-thickness: initial; text-decoration-style: initial; text-decoration-color: initial; word-spacing: 0px; margin: 0cm 0cm 7.5pt 0cm;\"><span style=\"font-size: 10.0pt; font-family: 'Arial','sans-serif'; color: #545454;\">No aplicar nunca AE puros en ojos, nariz, o\u00eddos, zonas ano-genitales.<\/span><\/p>\n<p style=\"box-sizing: border-box; font-variant-ligatures: normal; font-variant-caps: normal; orphans: 2; text-align: start; widows: 2; -webkit-text-stroke-width: 0px; text-decoration-thickness: initial; text-decoration-style: initial; text-decoration-color: initial; word-spacing: 0px; margin: 0cm 0cm 7.5pt 0cm;\"><span style=\"font-size: 10.0pt; font-family: 'Arial','sans-serif'; color: #545454;\">No se recomienda su uso en ni\u00f1os menores de 2 a\u00f1os.<\/span><\/p>\n<p style=\"box-sizing: border-box; font-variant-ligatures: normal; font-variant-caps: normal; orphans: 2; text-align: start; widows: 2; -webkit-text-stroke-width: 0px; text-decoration-thickness: initial; text-decoration-style: initial; text-decoration-color: initial; word-spacing: 0px; margin: 0cm 0cm 7.5pt 0cm;\"><strong style=\"box-sizing: border-box;\"><span style=\"font-size: 10.0pt; font-family: 'Arial','sans-serif'; color: #545454;\">No se recomienda su uso ni durante el embarazo ni durante la lactancia<\/span><\/strong><span style=\"font-size: 10.0pt; font-family: 'Arial','sans-serif'; color: #545454;\">\u00a0(a menos que sean prescritos por un profesional).<\/span><\/p>\n<p style=\"box-sizing: border-box; font-variant-ligatures: normal; font-variant-caps: normal; orphans: 2; text-align: start; widows: 2; -webkit-text-stroke-width: 0px; text-decoration-thickness: initial; text-decoration-style: initial; text-decoration-color: initial; word-spacing: 0px; margin: 0cm 0cm 7.5pt 0cm;\"><span style=\"font-size: 10.0pt; font-family: 'Arial','sans-serif'; color: #545454;\">Las personas al\u00e9rgicas deber\u00edan efectuar un test previo de tolerancia, aplicando una gota sobre la piel, para observar si se produce reacci\u00f3n cut\u00e1nea.<\/span><\/p>\n<p style=\"box-sizing: border-box; font-variant-ligatures: normal; font-variant-caps: normal; orphans: 2; text-align: start; widows: 2; -webkit-text-stroke-width: 0px; text-decoration-thickness: initial; text-decoration-style: initial; text-decoration-color: initial; word-spacing: 0px; margin: 0cm 0cm 7.5pt 0cm;\"><span style=\"font-size: 10.0pt; font-family: 'Arial','sans-serif'; color: #545454;\">En el empleo externo, diluirlos en los veh\u00edculos adecuados.<\/span><\/p>\n<p style=\"box-sizing: border-box; font-variant-ligatures: normal; font-variant-caps: normal; orphans: 2; text-align: start; widows: 2; -webkit-text-stroke-width: 0px; text-decoration-thickness: initial; text-decoration-style: initial; text-decoration-color: initial; word-spacing: 0px; margin: 0cm 0cm 7.5pt 0cm;\"><span style=\"font-size: 10.0pt; font-family: 'Arial','sans-serif'; color: #545454;\">Vigilar la exposici\u00f3n solar despu\u00e9s del empleo de AE, ya que pueden presentarse fen\u00f3menos de reacci\u00f3n con el sol, sobre todo con los c\u00edtricos (bergamota, lim\u00f3n, lima, naranja).<\/span><\/p>\n<p style=\"box-sizing: border-box; font-variant-ligatures: normal; font-variant-caps: normal; orphans: 2; text-align: start; widows: 2; -webkit-text-stroke-width: 0px; text-decoration-thickness: initial; text-decoration-style: initial; text-decoration-color: initial; word-spacing: 0px; margin: 0cm 0cm 7.5pt 0cm;\"><span style=\"font-size: 10.0pt; font-family: 'Arial','sans-serif'; color: #545454;\">En las fichas de producto y en las etiquetas de los aceites esenciales de , encontrar\u00e1s especificadas aquellas sustancias naturales que la Uni\u00f3n Europea, ha identificado como sustancias posiblemente al\u00e9rgenas, (podr\u00e1s identificarlos como \u201cContiene: nombre de la sustancia\u201d).<\/span><\/p>\n<p style=\"box-sizing: border-box; font-variant-ligatures: normal; font-variant-caps: normal; orphans: 2; text-align: start; widows: 2; -webkit-text-stroke-width: 0px; text-decoration-thickness: initial; text-decoration-style: initial; text-decoration-color: initial; word-spacing: 0px; margin: 0cm 0cm 7.5pt 0cm;\"><span style=\"font-size: 10.0pt; font-family: 'Arial','sans-serif'; color: #545454;\">En caso de\u00a0<strong style=\"box-sizing: border-box;\"><span style=\"font-family: 'Arial','sans-serif';\">sensaci\u00f3n de ardor<\/span><\/strong>: no usar agua para enjuagar, sino aceite vegetal para diluir. Si es necesario, consulta a un m\u00e9dico.<\/span><\/p>\n<p style=\"box-sizing: border-box; font-variant-ligatures: normal; font-variant-caps: normal; orphans: 2; text-align: start; widows: 2; -webkit-text-stroke-width: 0px; text-decoration-thickness: initial; text-decoration-style: initial; text-decoration-color: initial; word-spacing: 0px; margin: 0cm 0cm 7.5pt 0cm;\"><strong style=\"box-sizing: border-box;\"><span style=\"font-size: 10.0pt; font-family: 'Arial','sans-serif'; color: #545454;\">No utilizar aceites esenciales cerca de una llama<\/span><\/strong><span style=\"font-size: 10.0pt; font-family: 'Arial','sans-serif'; color: #545454;\">\u00a0o fuente de calor.<\/span><\/p>\n<p style=\"box-sizing: border-box; font-variant-ligatures: normal; font-variant-caps: normal; orphans: 2; text-align: start; widows: 2; -webkit-text-stroke-width: 0px; text-decoration-thickness: initial; text-decoration-style: initial; text-decoration-color: initial; word-spacing: 0px; margin: 0cm 0cm 7.5pt 0cm;\"><span style=\"font-size: 10.0pt; font-family: 'Arial','sans-serif'; color: #545454;\">Las personas con\u00a0<strong style=\"box-sizing: border-box;\"><span style=\"font-family: 'Arial','sans-serif';\">patolog\u00edas neurol\u00f3gicas o coronarias deber\u00e1n limitar su uso<\/span><\/strong>.<\/span><\/p>\n","protected":false},"excerpt":{"rendered":"<h2>Hinojo Aceite Esencial Bio (Foeniculum vulgare)<\/h2>\n<p><b>FAMILIA<\/b>: Umbel\u00edferas<\/p>\n<p><b>PARTE UTILIZADA<\/b>: Frutos<\/p>\n<p><b>OBTENCI\u00d3N: <\/b>Destilaci\u00f3n<\/p>\n<p><b>COMPOSICI\u00d3N<\/b>: Anetol, estragol, D-fenchona.<\/p>\n<p><b>PROPIEDADES<\/b><\/p>\n<ul>\n<li>S. Digestivo: Digestiva, carminativa y antiespasm\u00f3dica.<\/li>\n<li>S. Nervioso: Equilibradora. Favorece la concentraci\u00f3n.<\/li>\n<li>Aparato reproductor: Antiespasm\u00f3dica.<\/li>\n<\/ul>\n<p><b>INDICACIOES<\/b><\/p>\n<ul>\n<li>Digestivo: Dispepsias, c\u00f3licos de gases.<\/li>\n<li>Aparato reproductor: Dolor menstrual<\/li>\n<\/ul>\n<p><b>MODO DE EMPLEO<\/b><\/p>\n<ul>\n<li>A\u00f1adir\u00a0 20 gotas a\u00a0 60 ml\u00a0 de aceite vegetal para aplicar\u00a0 sobre la piel<\/li>\n<li>Colocar 3-5 gotas en difusor\u00a0 o quemador<\/li>\n<\/ul>\n<p><b>INGREDIENTES<\/b><\/p>\n<p>INCI: Foeniculum vulgare. Contiene de forma natural: Limoneno, Linalol<\/p>\n<p><strong>100%\u00a0 BIO <\/strong><\/p>\n<p><strong>100% Natural y Vegana<\/strong><\/p>\n<p><strong>0% T\u00f3xicos<\/strong><\/p>\n<p><strong>No OGM<\/strong><\/p>\n<p><strong>Envase de VIDRIO\u00a0 10ml.<\/strong><\/p>\n<p><strong><a href=\"https:\/\/rinconsilvestre.net\/ques-son-los-aceites-esenciales\/\">\u00bfQu\u00e9 son los Aceites Esenciales?<\/a><\/strong><\/p>\n","protected":false},"featured_media":2240,"template":"","meta":{"sfsi_plus_gutenberg_text_before_share":"","sfsi_plus_gutenberg_show_text_before_share":"","sfsi_plus_gutenberg_icon_type":"","sfsi_plus_gutenberg_icon_alignemt":"","sfsi_plus_gutenburg_max_per_row":""},"product_brand":[],"product_cat":[1179,54,50],"product_tag":[1187,1180],"class_list":{"0":"post-2210","1":"product","2":"type-product","3":"status-publish","4":"has-post-thumbnail","6":"product_cat-aceites-esenciales-y-vegetales","7":"product_cat-rincon-silvestre","8":"product_cat-productos-ecologicos","9":"product_tag-aceite-esencial-bio","10":"product_tag-aceite-esencial-ecologico","12":"first","13":"instock","14":"taxable","15":"shipping-taxable","16":"purchasable","17":"product-type-simple"},"_links":{"self":[{"href":"https:\/\/www.latienducagranel.com\/index.php\/wp-json\/wp\/v2\/product\/2210","targetHints":{"allow":["GET"]}}],"collection":[{"href":"https:\/\/www.latienducagranel.com\/index.php\/wp-json\/wp\/v2\/product"}],"about":[{"href":"https:\/\/www.latienducagranel.com\/index.php\/wp-json\/wp\/v2\/types\/product"}],"wp:featuredmedia":[{"embeddable":true,"href":"https:\/\/www.latienducagranel.com\/index.php\/wp-json\/wp\/v2\/media\/2240"}],"wp:attachment":[{"href":"https:\/\/www.latienducagranel.com\/index.php\/wp-json\/wp\/v2\/media?parent=2210"}],"wp:term":[{"taxonomy":"product_brand","embeddable":true,"href":"https:\/\/www.latienducagranel.com\/index.php\/wp-json\/wp\/v2\/product_brand?post=2210"},{"taxonomy":"product_cat","embeddable":true,"href":"https:\/\/www.latienducagranel.com\/index.php\/wp-json\/wp\/v2\/product_cat?post=2210"},{"taxonomy":"product_tag","embeddable":true,"href":"https:\/\/www.latienducagranel.com\/index.php\/wp-json\/wp\/v2\/product_tag?post=2210"}],"curies":[{"name":"wp","href":"https:\/\/api.w.org\/{rel}","templated":true}]}}