{"id":216,"date":"2020-11-19T17:28:21","date_gmt":"2020-11-19T17:28:21","guid":{"rendered":"https:\/\/www.latienducagranel.com\/?post_type=product&#038;p=216"},"modified":"2026-02-13T13:14:31","modified_gmt":"2026-02-13T12:14:31","slug":"poleo","status":"publish","type":"product","link":"https:\/\/www.latienducagranel.com\/index.php\/producto\/poleo\/","title":{"rendered":"Poleo"},"content":{"rendered":"<div id=\"short_description_block\">\n<div id=\"short_description_content\" class=\"rte align_justify\">\n<p>El poleo (<em>Mentha pulegiu)<strong>\u00a0<\/strong><\/em>es una de las plantas cuyas infusiones est\u00e1n cobrando protagonismo en la actualidad, su aroma es muy penetrante e intenso.<\/p>\n<p>Esta planta, tambi\u00e9n conocida como poleo-menta, se extiende por zonas h\u00famedas a lo largo de todo el Mediterr\u00e1neo y por Asia Occidental.<\/p>\n<p>Sus flores pueden ser rosas, violetas y blancas.<\/p>\n<\/div>\n<\/div>\n","protected":false},"excerpt":{"rendered":"<p>El poleo (Mentha pulegiu)\u00a0es una de las plantas cuyas infusiones est\u00e1n cobrando protagonismo en la actualidad, su aroma es muy penetrante e intenso. Esta planta, tambi\u00e9n conocida como poleo-menta, se extiende por zonas h\u00famedas a lo largo de todo el Mediterr\u00e1neo y por Asia Occidental.&nbsp;&#8230; [Leer m\u00e1s]<\/p>\n","protected":false},"featured_media":217,"template":"","meta":{"sfsi_plus_gutenberg_text_before_share":"","sfsi_plus_gutenberg_show_text_before_share":"","sfsi_plus_gutenberg_icon_type":"","sfsi_plus_gutenberg_icon_alignemt":"","sfsi_plus_gutenburg_max_per_row":""},"product_brand":[],"product_cat":[48,20],"product_tag":[961,960,962],"class_list":{"0":"post-216","1":"product","2":"type-product","3":"status-publish","4":"has-post-thumbnail","6":"product_cat-alimentacion","7":"product_cat-hierbas-especias-y-condimentos","8":"product_tag-menta-poleo","9":"product_tag-poleo","10":"product_tag-poleo-menta","12":"first","13":"instock","14":"taxable","15":"shipping-taxable","16":"purchasable","17":"product-type-simple"},"_links":{"self":[{"href":"https:\/\/www.latienducagranel.com\/index.php\/wp-json\/wp\/v2\/product\/216","targetHints":{"allow":["GET"]}}],"collection":[{"href":"https:\/\/www.latienducagranel.com\/index.php\/wp-json\/wp\/v2\/product"}],"about":[{"href":"https:\/\/www.latienducagranel.com\/index.php\/wp-json\/wp\/v2\/types\/product"}],"wp:featuredmedia":[{"embeddable":true,"href":"https:\/\/www.latienducagranel.com\/index.php\/wp-json\/wp\/v2\/media\/217"}],"wp:attachment":[{"href":"https:\/\/www.latienducagranel.com\/index.php\/wp-json\/wp\/v2\/media?parent=216"}],"wp:term":[{"taxonomy":"product_brand","embeddable":true,"href":"https:\/\/www.latienducagranel.com\/index.php\/wp-json\/wp\/v2\/product_brand?post=216"},{"taxonomy":"product_cat","embeddable":true,"href":"https:\/\/www.latienducagranel.com\/index.php\/wp-json\/wp\/v2\/product_cat?post=216"},{"taxonomy":"product_tag","embeddable":true,"href":"https:\/\/www.latienducagranel.com\/index.php\/wp-json\/wp\/v2\/product_tag?post=216"}],"curies":[{"name":"wp","href":"https:\/\/api.w.org\/{rel}","templated":true}]}}