{"id":207,"date":"2020-11-19T17:22:37","date_gmt":"2020-11-19T17:22:37","guid":{"rendered":"https:\/\/www.latienducagranel.com\/?post_type=product&#038;p=207"},"modified":"2023-09-22T16:41:44","modified_gmt":"2023-09-22T16:41:44","slug":"nuez-moscada-grano","status":"publish","type":"product","link":"https:\/\/www.latienducagranel.com\/index.php\/producto\/nuez-moscada-grano\/","title":{"rendered":"Nuez moscada grano"},"content":{"rendered":"<div id=\"short_description_content\" class=\"rte align_justify\">\n<p>Nuez moscada grano: La nuez moscada es el fruto del \u00e1rbol tropical\u00a0<em>Myristica fragrans<\/em>,\u00a0originario de las Islas Molucas (Indonesia). Esta semilla presentaforma ovalada y est\u00e1 compuesta por un tejido veteado y duro que contiene almid\u00f3n, grasas y taninos.<\/p>\n<p>Es una especia arom\u00e1tica que se emplea en gran variedad de platos de la cocina internacional.<\/p>\n<\/div>\n","protected":false},"excerpt":{"rendered":"<p>Nuez moscada grano: La nuez moscada es el fruto del \u00e1rbol tropical\u00a0Myristica fragrans,\u00a0originario de las Islas Molucas (Indonesia). Esta semilla presentaforma ovalada y est\u00e1 compuesta por un tejido veteado y duro que contiene almid\u00f3n, grasas y taninos. Es una especia arom\u00e1tica que se emplea en&nbsp;&#8230; [Leer m\u00e1s]<\/p>\n","protected":false},"featured_media":208,"template":"","meta":{"sfsi_plus_gutenberg_text_before_share":"","sfsi_plus_gutenberg_show_text_before_share":"","sfsi_plus_gutenberg_icon_type":"","sfsi_plus_gutenberg_icon_alignemt":"","sfsi_plus_gutenburg_max_per_row":""},"product_brand":[],"product_cat":[48,20],"product_tag":[965,966],"class_list":{"0":"post-207","1":"product","2":"type-product","3":"status-publish","4":"has-post-thumbnail","6":"product_cat-alimentacion","7":"product_cat-hierbas-especias-y-condimentos","8":"product_tag-nuez-moscada","9":"product_tag-nuez-moscada-grano","11":"first","12":"instock","13":"taxable","14":"shipping-taxable","15":"purchasable","16":"product-type-simple"},"_links":{"self":[{"href":"https:\/\/www.latienducagranel.com\/index.php\/wp-json\/wp\/v2\/product\/207","targetHints":{"allow":["GET"]}}],"collection":[{"href":"https:\/\/www.latienducagranel.com\/index.php\/wp-json\/wp\/v2\/product"}],"about":[{"href":"https:\/\/www.latienducagranel.com\/index.php\/wp-json\/wp\/v2\/types\/product"}],"wp:featuredmedia":[{"embeddable":true,"href":"https:\/\/www.latienducagranel.com\/index.php\/wp-json\/wp\/v2\/media\/208"}],"wp:attachment":[{"href":"https:\/\/www.latienducagranel.com\/index.php\/wp-json\/wp\/v2\/media?parent=207"}],"wp:term":[{"taxonomy":"product_brand","embeddable":true,"href":"https:\/\/www.latienducagranel.com\/index.php\/wp-json\/wp\/v2\/product_brand?post=207"},{"taxonomy":"product_cat","embeddable":true,"href":"https:\/\/www.latienducagranel.com\/index.php\/wp-json\/wp\/v2\/product_cat?post=207"},{"taxonomy":"product_tag","embeddable":true,"href":"https:\/\/www.latienducagranel.com\/index.php\/wp-json\/wp\/v2\/product_tag?post=207"}],"curies":[{"name":"wp","href":"https:\/\/api.w.org\/{rel}","templated":true}]}}