{"id":2036,"date":"2022-04-01T16:38:36","date_gmt":"2022-04-01T16:38:36","guid":{"rendered":"https:\/\/www.latienducagranel.com\/?post_type=product&#038;p=2036"},"modified":"2022-04-01T16:38:37","modified_gmt":"2022-04-01T16:38:37","slug":"jabon-de-glicerina-y-forma-de-corazon","status":"publish","type":"product","link":"https:\/\/www.latienducagranel.com\/index.php\/producto\/jabon-de-glicerina-y-forma-de-corazon\/","title":{"rendered":"Jab\u00f3n de glicerina y forma de coraz\u00f3n"},"content":{"rendered":"<p>Jab\u00f3n de glicerina y forma de corazon: Coraz\u00f3n de jab\u00f3n de glicerina vegetal artesano de colores y aromas diversos.<\/p>\n","protected":false},"excerpt":{"rendered":"<p>Jab\u00f3n de glicerina y forma de corazon: Coraz\u00f3n de jab\u00f3n de glicerina vegetal artesano de colores y aromas diversos.<\/p>\n","protected":false},"featured_media":2037,"template":"","meta":{"sfsi_plus_gutenberg_text_before_share":"","sfsi_plus_gutenberg_show_text_before_share":"","sfsi_plus_gutenberg_icon_type":"","sfsi_plus_gutenberg_icon_alignemt":"","sfsi_plus_gutenburg_max_per_row":""},"product_brand":[],"product_cat":[41,42],"product_tag":[1059,1062,1064,1063,711,1065],"class_list":{"0":"post-2036","1":"product","2":"type-product","3":"status-publish","4":"has-post-thumbnail","6":"product_cat-higiene-y-cosmetica","7":"product_cat-jabones","8":"product_tag-jabon","9":"product_tag-jabon-con-forma","10":"product_tag-jabon-con-forma-de-corazon","11":"product_tag-jabon-corazon","12":"product_tag-jabon-de-glicerina","13":"product_tag-jabon-de-glicerina-y-forma-de-corazon","15":"first","16":"instock","17":"taxable","18":"shipping-taxable","19":"purchasable","20":"product-type-simple"},"_links":{"self":[{"href":"https:\/\/www.latienducagranel.com\/index.php\/wp-json\/wp\/v2\/product\/2036","targetHints":{"allow":["GET"]}}],"collection":[{"href":"https:\/\/www.latienducagranel.com\/index.php\/wp-json\/wp\/v2\/product"}],"about":[{"href":"https:\/\/www.latienducagranel.com\/index.php\/wp-json\/wp\/v2\/types\/product"}],"wp:featuredmedia":[{"embeddable":true,"href":"https:\/\/www.latienducagranel.com\/index.php\/wp-json\/wp\/v2\/media\/2037"}],"wp:attachment":[{"href":"https:\/\/www.latienducagranel.com\/index.php\/wp-json\/wp\/v2\/media?parent=2036"}],"wp:term":[{"taxonomy":"product_brand","embeddable":true,"href":"https:\/\/www.latienducagranel.com\/index.php\/wp-json\/wp\/v2\/product_brand?post=2036"},{"taxonomy":"product_cat","embeddable":true,"href":"https:\/\/www.latienducagranel.com\/index.php\/wp-json\/wp\/v2\/product_cat?post=2036"},{"taxonomy":"product_tag","embeddable":true,"href":"https:\/\/www.latienducagranel.com\/index.php\/wp-json\/wp\/v2\/product_tag?post=2036"}],"curies":[{"name":"wp","href":"https:\/\/api.w.org\/{rel}","templated":true}]}}