{"id":1494,"date":"2021-05-08T08:44:58","date_gmt":"2021-05-08T08:44:58","guid":{"rendered":"https:\/\/www.latienducagranel.com\/?post_type=product&#038;p=1494"},"modified":"2022-11-10T10:23:22","modified_gmt":"2022-11-10T10:23:22","slug":"crema-natural-de-helicriso","status":"publish","type":"product","link":"https:\/\/www.latienducagranel.com\/index.php\/producto\/crema-natural-de-helicriso\/","title":{"rendered":"Crema natural de helicriso"},"content":{"rendered":"<p>La crema natural de helicriso es altamente eficaz frente a picaduras de insectos. Calma el picor, reduce la reacci\u00f3n al\u00e9rgica y refresca con un agradable olor a menta.<\/p>\n<p>Apl\u00edquese tambi\u00e9n en caso de dermatitis al\u00e9rgicas.<\/p>\n<p>100% Ingredientes BIO.<\/p>\n","protected":false},"excerpt":{"rendered":"<p>La crema natural de helicriso es altamente eficaz frente a picaduras de insectos. Calma el picor, reduce la reacci\u00f3n al\u00e9rgica y refresca con un agradable olor a menta. Apl\u00edquese tambi\u00e9n en caso de dermatitis al\u00e9rgicas. 100% Ingredientes BIO.<\/p>\n","protected":false},"featured_media":1495,"template":"","meta":{"sfsi_plus_gutenberg_text_before_share":"","sfsi_plus_gutenberg_show_text_before_share":"","sfsi_plus_gutenberg_icon_type":"","sfsi_plus_gutenberg_icon_alignemt":"","sfsi_plus_gutenburg_max_per_row":""},"product_brand":[],"product_cat":[44,54,41,50],"product_tag":[701,703,704,702],"class_list":{"0":"post-1494","1":"product","2":"type-product","3":"status-publish","4":"has-post-thumbnail","6":"product_cat-cosmetica","7":"product_cat-rincon-silvestre","8":"product_cat-higiene-y-cosmetica","9":"product_cat-productos-ecologicos","10":"product_tag-crema-de-helicriso","11":"product_tag-crema-eco","12":"product_tag-crema-natural","13":"product_tag-crema-para-picaduras","15":"first","16":"instock","17":"taxable","18":"shipping-taxable","19":"purchasable","20":"product-type-simple"},"_links":{"self":[{"href":"https:\/\/www.latienducagranel.com\/index.php\/wp-json\/wp\/v2\/product\/1494","targetHints":{"allow":["GET"]}}],"collection":[{"href":"https:\/\/www.latienducagranel.com\/index.php\/wp-json\/wp\/v2\/product"}],"about":[{"href":"https:\/\/www.latienducagranel.com\/index.php\/wp-json\/wp\/v2\/types\/product"}],"wp:featuredmedia":[{"embeddable":true,"href":"https:\/\/www.latienducagranel.com\/index.php\/wp-json\/wp\/v2\/media\/1495"}],"wp:attachment":[{"href":"https:\/\/www.latienducagranel.com\/index.php\/wp-json\/wp\/v2\/media?parent=1494"}],"wp:term":[{"taxonomy":"product_brand","embeddable":true,"href":"https:\/\/www.latienducagranel.com\/index.php\/wp-json\/wp\/v2\/product_brand?post=1494"},{"taxonomy":"product_cat","embeddable":true,"href":"https:\/\/www.latienducagranel.com\/index.php\/wp-json\/wp\/v2\/product_cat?post=1494"},{"taxonomy":"product_tag","embeddable":true,"href":"https:\/\/www.latienducagranel.com\/index.php\/wp-json\/wp\/v2\/product_tag?post=1494"}],"curies":[{"name":"wp","href":"https:\/\/api.w.org\/{rel}","templated":true}]}}