{"id":139,"date":"2020-11-14T17:09:14","date_gmt":"2020-11-14T17:09:14","guid":{"rendered":"https:\/\/www.latienducagranel.com\/?post_type=product&#038;p=139"},"modified":"2024-06-04T17:16:57","modified_gmt":"2024-06-04T16:16:57","slug":"canela-ceylan-molida","status":"publish","type":"product","link":"https:\/\/www.latienducagranel.com\/index.php\/producto\/canela-ceylan-molida\/","title":{"rendered":"Canela Ceylan molida"},"content":{"rendered":"<p>Canela Ceylan molida: La canela es la corteza de ciertos \u00e1rboles de hoja perenne. Se caracteriza por un dulce y agradable olor a madera, delicado e intenso. La canela molida se emplea sen reposter\u00eda y panader\u00eda, y en la preparaci\u00f3n de platos a base de arroz y harinas.<\/p>\n","protected":false},"excerpt":{"rendered":"<p>Canela Ceylan molida: La canela es la corteza de ciertos \u00e1rboles de hoja perenne. Se caracteriza por un dulce y agradable olor a madera, delicado e intenso. La canela molida se emplea sen reposter\u00eda y panader\u00eda, y en la preparaci\u00f3n de platos a base de&nbsp;&#8230; [Leer m\u00e1s]<\/p>\n","protected":false},"featured_media":140,"template":"","meta":{"sfsi_plus_gutenberg_text_before_share":"","sfsi_plus_gutenberg_show_text_before_share":"","sfsi_plus_gutenberg_icon_type":"","sfsi_plus_gutenberg_icon_alignemt":"","sfsi_plus_gutenburg_max_per_row":""},"product_brand":[],"product_cat":[48,20],"product_tag":[832,834,836,833,835],"class_list":{"0":"post-139","1":"product","2":"type-product","3":"status-publish","4":"has-post-thumbnail","6":"product_cat-alimentacion","7":"product_cat-hierbas-especias-y-condimentos","8":"product_tag-canela","9":"product_tag-canela-ceylan","10":"product_tag-canela-ceylan-molida","11":"product_tag-canela-molida","12":"product_tag-canela-verdadera","14":"first","15":"instock","16":"taxable","17":"shipping-taxable","18":"purchasable","19":"product-type-simple"},"_links":{"self":[{"href":"https:\/\/www.latienducagranel.com\/index.php\/wp-json\/wp\/v2\/product\/139","targetHints":{"allow":["GET"]}}],"collection":[{"href":"https:\/\/www.latienducagranel.com\/index.php\/wp-json\/wp\/v2\/product"}],"about":[{"href":"https:\/\/www.latienducagranel.com\/index.php\/wp-json\/wp\/v2\/types\/product"}],"wp:featuredmedia":[{"embeddable":true,"href":"https:\/\/www.latienducagranel.com\/index.php\/wp-json\/wp\/v2\/media\/140"}],"wp:attachment":[{"href":"https:\/\/www.latienducagranel.com\/index.php\/wp-json\/wp\/v2\/media?parent=139"}],"wp:term":[{"taxonomy":"product_brand","embeddable":true,"href":"https:\/\/www.latienducagranel.com\/index.php\/wp-json\/wp\/v2\/product_brand?post=139"},{"taxonomy":"product_cat","embeddable":true,"href":"https:\/\/www.latienducagranel.com\/index.php\/wp-json\/wp\/v2\/product_cat?post=139"},{"taxonomy":"product_tag","embeddable":true,"href":"https:\/\/www.latienducagranel.com\/index.php\/wp-json\/wp\/v2\/product_tag?post=139"}],"curies":[{"name":"wp","href":"https:\/\/api.w.org\/{rel}","templated":true}]}}