{"id":102,"date":"2020-10-29T19:24:28","date_gmt":"2020-10-29T19:24:28","guid":{"rendered":"https:\/\/www.latienducagranel.com\/?post_type=product&#038;p=102"},"modified":"2026-02-13T13:04:08","modified_gmt":"2026-02-13T12:04:08","slug":"anis-grano","status":"publish","type":"product","link":"https:\/\/www.latienducagranel.com\/index.php\/producto\/anis-grano\/","title":{"rendered":"An\u00eds grano"},"content":{"rendered":"<div id=\"short_description_content\" class=\"rte align_justify\">\n<p>An\u00eds grano:<em> Pimpinella anisum<\/em>\u00a0<small>L.<\/small>, popularmente conocido como an\u00eds,\u00a0an\u00eds verde,\u00a0matalah\u00fava\u200b o\u00a0matalah\u00faga, es una\u00a0hierba\u00a0de la familia Apiaceae, originaria del\u00a0Asia\u00a0sudoccidental y de la\u00a0cuenca mediterr\u00e1nea\u00a0oriental.<\/p>\n<p>Todas las partes vegetales de la planta joven son comestibles<\/p>\n<p>Las semillas\u00a0se utilizan como condimento de panes, dulces y pasteles, as\u00ed como en la elaboraci\u00f3n de licores (an\u00eds, anisette).<\/p>\n<p>El an\u00eds\u00a0se utiliza en todo tipo de platos; tanto dulces como salados, aunque es mas frecuente encontrarlo en pasteles y boller\u00eda. Tambi\u00e9n suele ser utilizado en adobos.<\/p>\n<p>El an\u00eds se recolecta en los meses de julio, agosto y septiembre.<\/p>\n<p>Para su correcta conservaci\u00f3n se recomienda guardar el producto en un lugar seco y fresco con humedad relativa baja. No exponer directamente a los rayos solares. Mantener alejado de productos que desprendan fuertes olores.<\/p>\n<\/div>\n","protected":false},"excerpt":{"rendered":"<p>An\u00eds grano: Pimpinella anisum\u00a0L., popularmente conocido como an\u00eds,\u00a0an\u00eds verde,\u00a0matalah\u00fava\u200b o\u00a0matalah\u00faga, es una\u00a0hierba\u00a0de la familia Apiaceae, originaria del\u00a0Asia\u00a0sudoccidental y de la\u00a0cuenca mediterr\u00e1nea\u00a0oriental. Todas las partes vegetales de la planta joven son comestibles Las semillas\u00a0se utilizan como condimento de panes, dulces y pasteles, as\u00ed como en la&nbsp;&#8230; [Leer m\u00e1s]<\/p>\n","protected":false},"featured_media":103,"template":"","meta":{"sfsi_plus_gutenberg_text_before_share":"","sfsi_plus_gutenberg_show_text_before_share":"","sfsi_plus_gutenberg_icon_type":"","sfsi_plus_gutenberg_icon_alignemt":"","sfsi_plus_gutenburg_max_per_row":""},"product_brand":[],"product_cat":[48,20],"product_tag":[1022,1023,1024,1027,1025,1026],"class_list":{"0":"post-102","1":"product","2":"type-product","3":"status-publish","4":"has-post-thumbnail","6":"product_cat-alimentacion","7":"product_cat-hierbas-especias-y-condimentos","8":"product_tag-anis","9":"product_tag-anis-grano","10":"product_tag-anis-verde","11":"product_tag-matalahuga","12":"product_tag-matalahuva","13":"product_tag-matalauva","15":"first","16":"instock","17":"taxable","18":"shipping-taxable","19":"purchasable","20":"product-type-simple"},"_links":{"self":[{"href":"https:\/\/www.latienducagranel.com\/index.php\/wp-json\/wp\/v2\/product\/102","targetHints":{"allow":["GET"]}}],"collection":[{"href":"https:\/\/www.latienducagranel.com\/index.php\/wp-json\/wp\/v2\/product"}],"about":[{"href":"https:\/\/www.latienducagranel.com\/index.php\/wp-json\/wp\/v2\/types\/product"}],"wp:featuredmedia":[{"embeddable":true,"href":"https:\/\/www.latienducagranel.com\/index.php\/wp-json\/wp\/v2\/media\/103"}],"wp:attachment":[{"href":"https:\/\/www.latienducagranel.com\/index.php\/wp-json\/wp\/v2\/media?parent=102"}],"wp:term":[{"taxonomy":"product_brand","embeddable":true,"href":"https:\/\/www.latienducagranel.com\/index.php\/wp-json\/wp\/v2\/product_brand?post=102"},{"taxonomy":"product_cat","embeddable":true,"href":"https:\/\/www.latienducagranel.com\/index.php\/wp-json\/wp\/v2\/product_cat?post=102"},{"taxonomy":"product_tag","embeddable":true,"href":"https:\/\/www.latienducagranel.com\/index.php\/wp-json\/wp\/v2\/product_tag?post=102"}],"curies":[{"name":"wp","href":"https:\/\/api.w.org\/{rel}","templated":true}]}}

Anís grano

<div id="short_description_content" class="rte align_justify">
<p>Anís grano:<em> Pimpinella anisum</em> <small>L.</small>, popularmente conocido como anís, anís verde, matalahúva​ o matalahúga, es una hierba de la familia Apiaceae, originaria del Asia sudoccidental y de la cuenca mediterránea oriental.</p>
<p>Todas las partes vegetales de la planta joven son comestibles</p>
<p>Las semillas se utilizan como condimento de panes, dulces y pasteles, así como en la elaboración de licores (anís, anisette).</p>
<p>El anís se utiliza en todo tipo de platos; tanto dulces como salados, aunque es mas frecuente encontrarlo en pasteles y bollería. También suele ser utilizado en adobos.</p>
<p>El anís se recolecta en los meses de julio, agosto y septiembre.</p>
<p>Para su correcta conservación se recomienda guardar el producto en un lugar seco y fresco con humedad relativa baja. No exponer directamente a los rayos solares. Mantener alejado de productos que desprendan fuertes olores.</p>
</div>

<p>Anís grano: Pimpinella anisum L., popularmente conocido como anís, anís verde, matalahúva​ o matalahúga, es una hierba de la familia Apiaceae, originaria del Asia sudoccidental y de la cuenca mediterránea oriental. Todas las partes vegetales de la planta joven son comestibles Las semillas se utilizan como condimento de panes, dulces y pasteles, así como en la&nbsp;&#8230; [Leer más]</p>
